Last updated on 2025-02-21 06:49:37 CET.
Flavor | Version | Tinstall | Tcheck | Ttotal | Status | Flags |
---|---|---|---|---|---|---|
r-devel-linux-x86_64-debian-clang | 0.2.1 | 20.03 | 114.94 | 134.97 | NOTE | |
r-devel-linux-x86_64-debian-gcc | 0.2.1 | 16.58 | 78.65 | 95.23 | NOTE | |
r-devel-linux-x86_64-fedora-clang | 0.2.1 | 253.74 | NOTE | |||
r-devel-linux-x86_64-fedora-gcc | 0.2.1 | 236.72 | NOTE | |||
r-devel-macos-arm64 | 0.2.1 | 79.00 | OK | |||
r-devel-macos-x86_64 | 0.2.1 | 192.00 | NOTE | |||
r-devel-windows-x86_64 | 0.2.1 | 26.00 | 162.00 | 188.00 | NOTE | |
r-patched-linux-x86_64 | 0.2.1 | 24.90 | 105.12 | 130.02 | OK | |
r-release-linux-x86_64 | 0.2.1 | 22.07 | 105.24 | 127.31 | OK | |
r-release-macos-arm64 | 0.2.1 | 88.00 | OK | |||
r-release-macos-x86_64 | 0.2.1 | 177.00 | OK | |||
r-release-windows-x86_64 | 0.2.1 | 27.00 | 162.00 | 189.00 | OK | |
r-oldrel-macos-arm64 | 0.2.1 | 91.00 | OK | |||
r-oldrel-macos-x86_64 | 0.2.1 | 199.00 | OK | |||
r-oldrel-windows-x86_64 | 0.2.1 | 32.00 | 188.00 | 220.00 | OK |
Version: 0.2.1
Check: DESCRIPTION meta-information
Result: NOTE
Missing dependency on R >= 4.1.0 because package code uses the pipe
|> or function shorthand \(...) syntax added in R 4.1.0.
File(s) using such syntax:
‘core_dm.R’ ‘core_flex_prms.R’ ‘core_solve.R’ ‘extended_s3_methods.R’
‘formatting_dm_fits_ids.R’ ‘formatting_flex_prms.R’ ‘plotting.R’
‘utils.R’
Flavors: r-devel-linux-x86_64-debian-clang, r-devel-linux-x86_64-debian-gcc, r-devel-linux-x86_64-fedora-clang, r-devel-linux-x86_64-fedora-gcc, r-devel-macos-x86_64, r-devel-windows-x86_64
These binaries (installable software) and packages are in development.
They may not be fully stable and should be used with caution. We make no claims about them.