Last updated on 2025-10-09 23:51:12 CEST.
Flavor | Version | Tinstall | Tcheck | Ttotal | Status | Flags |
---|---|---|---|---|---|---|
r-devel-linux-x86_64-debian-clang | 1.0 | 25.22 | 214.76 | 239.98 | NOTE | |
r-devel-linux-x86_64-debian-gcc | 1.0 | 17.41 | 154.09 | 171.50 | NOTE | |
r-devel-linux-x86_64-fedora-clang | 1.0 | 375.27 | OK | |||
r-devel-linux-x86_64-fedora-gcc | 1.0 | 339.99 | OK | |||
r-devel-windows-x86_64 | 1.0 | 22.00 | 183.00 | 205.00 | OK | |
r-patched-linux-x86_64 | 1.0 | 22.69 | 202.92 | 225.61 | OK | |
r-release-linux-x86_64 | 1.0 | 24.32 | 203.84 | 228.16 | OK | |
r-release-macos-arm64 | 1.0 | 107.00 | OK | |||
r-release-macos-x86_64 | 1.0 | 187.00 | OK | |||
r-release-windows-x86_64 | 1.0 | 22.00 | 185.00 | 207.00 | OK | |
r-oldrel-macos-arm64 | 1.0 | 94.00 | OK | |||
r-oldrel-macos-x86_64 | 1.0 | 140.00 | OK | |||
r-oldrel-windows-x86_64 | 1.0 | 22.00 | 179.00 | 201.00 | OK |
Version: 1.0
Check: CRAN incoming feasibility
Result: NOTE
Maintainer: ‘Seunggeun (Shawn) Lee <leeshawn@umich.edu>’
No Authors@R field in DESCRIPTION.
Please add one, modifying
Authors@R: c(person(given = "Seunggeun",
family = "Lee",
role = "aut",
comment = "Shawn"),
person(given = "Seunggeun",
family = "Lee",
role = "cre",
email = "leeshawn@umich.edu",
comment = "Shawn"))
as necessary.
Flavors: r-devel-linux-x86_64-debian-clang, r-devel-linux-x86_64-debian-gcc
These binaries (installable software) and packages are in development.
They may not be fully stable and should be used with caution. We make no claims about them.