Last updated on 2025-11-11 17:49:57 CET.
| Flavor | Version | Tinstall | Tcheck | Ttotal | Status | Flags |
|---|---|---|---|---|---|---|
| r-devel-linux-x86_64-debian-clang | 1.0 | 24.10 | 211.47 | 235.57 | NOTE | |
| r-devel-linux-x86_64-debian-gcc | 1.0 | 18.61 | 152.96 | 171.57 | NOTE | |
| r-devel-linux-x86_64-fedora-clang | 1.0 | 127.00 | 264.24 | 391.24 | OK | |
| r-devel-linux-x86_64-fedora-gcc | 1.0 | 53.00 | 291.34 | 344.34 | OK | |
| r-devel-windows-x86_64 | 1.0 | 21.00 | 180.00 | 201.00 | OK | |
| r-patched-linux-x86_64 | 1.0 | 20.59 | 203.33 | 223.92 | OK | |
| r-release-linux-x86_64 | 1.0 | 25.52 | 203.73 | 229.25 | OK | |
| r-release-macos-arm64 | 1.0 | 14.00 | 93.00 | 107.00 | OK | |
| r-release-macos-x86_64 | 1.0 | 25.00 | 162.00 | 187.00 | OK | |
| r-release-windows-x86_64 | 1.0 | 21.00 | 173.00 | 194.00 | OK | |
| r-oldrel-macos-arm64 | 1.0 | 10.00 | 84.00 | 94.00 | OK | |
| r-oldrel-macos-x86_64 | 1.0 | 18.00 | 122.00 | 140.00 | OK | |
| r-oldrel-windows-x86_64 | 1.0 | 22.00 | 179.00 | 201.00 | OK |
Version: 1.0
Check: CRAN incoming feasibility
Result: NOTE
Maintainer: ‘Seunggeun (Shawn) Lee <leeshawn@umich.edu>’
No Authors@R field in DESCRIPTION.
Please add one, modifying
Authors@R: c(person(given = "Seunggeun",
family = "Lee",
role = "aut",
comment = "Shawn"),
person(given = "Seunggeun",
family = "Lee",
role = "cre",
email = "leeshawn@umich.edu",
comment = "Shawn"))
as necessary.
Flavors: r-devel-linux-x86_64-debian-clang, r-devel-linux-x86_64-debian-gcc
These binaries (installable software) and packages are in development.
They may not be fully stable and should be used with caution. We make no claims about them.