CRAN Package Check Results for Package dadjokeapi

Last updated on 2025-02-19 16:50:45 CET.

Flavor Version Tinstall Tcheck Ttotal Status Flags
r-devel-linux-x86_64-debian-clang 1.0.2 3.57 32.88 36.45 OK
r-devel-linux-x86_64-debian-gcc 1.0.2 2.59 24.37 26.96 OK
r-devel-linux-x86_64-fedora-clang 1.0.2 56.38 OK
r-devel-linux-x86_64-fedora-gcc 1.0.2 53.47 OK
r-devel-macos-arm64 1.0.2 23.00 OK
r-devel-macos-x86_64 1.0.2 41.00 OK
r-devel-windows-x86_64 1.0.2 5.00 53.00 58.00 OK
r-patched-linux-x86_64 1.0.2 3.47 29.92 33.39 NOTE
r-release-linux-x86_64 1.0.2 3.65 29.89 33.54 NOTE
r-release-macos-arm64 1.0.2 29.00 NOTE
r-release-macos-x86_64 1.0.2 35.00 NOTE
r-release-windows-x86_64 1.0.2 5.00 60.00 65.00 NOTE
r-oldrel-macos-arm64 1.0.2 24.00 NOTE
r-oldrel-macos-x86_64 1.0.2 33.00 NOTE
r-oldrel-windows-x86_64 1.0.2 7.00 54.00 61.00 NOTE

Check Details

Version: 1.0.2
Check: LazyData
Result: NOTE 'LazyData' is specified without a 'data' directory Flavors: r-patched-linux-x86_64, r-release-linux-x86_64, r-release-macos-arm64, r-release-macos-x86_64, r-release-windows-x86_64, r-oldrel-macos-arm64, r-oldrel-macos-x86_64, r-oldrel-windows-x86_64

These binaries (installable software) and packages are in development.
They may not be fully stable and should be used with caution. We make no claims about them.