CRAN Package Check Results for Package daff

Last updated on 2025-02-19 16:50:45 CET.

Flavor Version Tinstall Tcheck Ttotal Status Flags
r-devel-linux-x86_64-debian-clang 1.1.1 2.77 32.16 34.93 OK
r-devel-linux-x86_64-debian-gcc 1.1.1 2.53 25.78 28.31 OK
r-devel-linux-x86_64-fedora-clang 1.1.1 53.95 OK
r-devel-linux-x86_64-fedora-gcc 1.1.1 53.12 OK
r-devel-macos-arm64 1.1.1 22.00 OK
r-devel-macos-x86_64 1.1.1 37.00 OK
r-devel-windows-x86_64 1.1.1 4.00 53.00 57.00 OK
r-patched-linux-x86_64 1.1.1 2.54 30.66 33.20 OK
r-release-linux-x86_64 1.1.1 2.97 30.57 33.54 OK
r-release-macos-arm64 1.1.1 20.00 OK
r-release-macos-x86_64 1.1.1 30.00 OK
r-release-windows-x86_64 1.1.1 4.00 3.00 7.00 FAIL
r-oldrel-macos-arm64 1.1.1 26.00 OK
r-oldrel-macos-x86_64 1.1.1 59.00 OK
r-oldrel-windows-x86_64 1.1.1 5.00 77.00 82.00 OK

Check Details

Version: 1.1.1
Check: package dependencies
Result: FAIL
Flavor: r-release-windows-x86_64

These binaries (installable software) and packages are in development.
They may not be fully stable and should be used with caution. We make no claims about them.