Last updated on 2025-05-01 15:49:28 CEST.
Flavor | Version | Tinstall | Tcheck | Ttotal | Status | Flags |
---|---|---|---|---|---|---|
r-devel-linux-x86_64-debian-clang | 1.2.1 | 4.13 | 29.16 | 33.29 | NOTE | |
r-devel-linux-x86_64-debian-gcc | 1.2.1 | 2.40 | 22.13 | 24.53 | NOTE | |
r-devel-linux-x86_64-fedora-clang | 1.2.1 | 50.59 | OK | |||
r-devel-linux-x86_64-fedora-gcc | 1.2.1 | 49.90 | OK | |||
r-devel-windows-x86_64 | 1.2.1 | 5.00 | 64.00 | 69.00 | OK | |
r-patched-linux-x86_64 | 1.2.1 | 4.19 | 27.58 | 31.77 | OK | |
r-release-linux-x86_64 | OK | |||||
r-release-macos-arm64 | 1.2.1 | 19.00 | OK | |||
r-release-macos-x86_64 | 1.2.1 | 34.00 | OK | |||
r-release-windows-x86_64 | 1.2.1 | 5.00 | 69.00 | 74.00 | OK | |
r-oldrel-macos-arm64 | 1.2.1 | 18.00 | OK | |||
r-oldrel-macos-x86_64 | 1.2.1 | 28.00 | OK | |||
r-oldrel-windows-x86_64 | 1.2.1 | 6.00 | 71.00 | 77.00 | OK |
Version: 1.2.1
Check: CRAN incoming feasibility
Result: NOTE
Maintainer: ‘Lutz P Breitling <l.breitling@posteo.de>’
No Authors@R field in DESCRIPTION.
Please add one, modifying
Authors@R: person(given = c("Lutz", "P"),
family = "Breitling",
role = c("aut", "cre"),
email = "l.breitling@posteo.de")
as necessary.
Flavors: r-devel-linux-x86_64-debian-clang, r-devel-linux-x86_64-debian-gcc
These binaries (installable software) and packages are in development.
They may not be fully stable and should be used with caution. We make no claims about them.