Last updated on 2025-10-23 23:49:26 CEST.
| Flavor | Version | Tinstall | Tcheck | Ttotal | Status | Flags |
|---|---|---|---|---|---|---|
| r-devel-linux-x86_64-debian-clang | 1.2.1 | 2.60 | 32.57 | 35.17 | NOTE | |
| r-devel-linux-x86_64-debian-gcc | 1.2.1 | 2.71 | 24.78 | 27.49 | NOTE | |
| r-devel-linux-x86_64-fedora-clang | 1.2.1 | 11.00 | 42.58 | 53.58 | OK | |
| r-devel-linux-x86_64-fedora-gcc | 1.2.1 | 49.22 | OK | |||
| r-devel-windows-x86_64 | 1.2.1 | 5.00 | 59.00 | 64.00 | OK | |
| r-patched-linux-x86_64 | 1.2.1 | 4.49 | 30.19 | 34.68 | OK | |
| r-release-linux-x86_64 | 1.2.1 | 4.10 | 30.52 | 34.62 | OK | |
| r-release-macos-arm64 | 1.2.1 | 2.00 | 17.00 | 19.00 | OK | |
| r-release-macos-x86_64 | 1.2.1 | 3.00 | 31.00 | 34.00 | OK | |
| r-release-windows-x86_64 | 1.2.1 | 5.00 | 60.00 | 65.00 | OK | |
| r-oldrel-macos-arm64 | 1.2.1 | 2.00 | 16.00 | 18.00 | OK | |
| r-oldrel-macos-x86_64 | 1.2.1 | 3.00 | 25.00 | 28.00 | OK | |
| r-oldrel-windows-x86_64 | 1.2.1 | 5.00 | 65.00 | 70.00 | OK |
Version: 1.2.1
Check: CRAN incoming feasibility
Result: NOTE
Maintainer: ‘Lutz P Breitling <l.breitling@posteo.de>’
No Authors@R field in DESCRIPTION.
Please add one, modifying
Authors@R: person(given = c("Lutz", "P"),
family = "Breitling",
role = c("aut", "cre"),
email = "l.breitling@posteo.de")
as necessary.
Flavors: r-devel-linux-x86_64-debian-clang, r-devel-linux-x86_64-debian-gcc
These binaries (installable software) and packages are in development.
They may not be fully stable and should be used with caution. We make no claims about them.