Last updated on 2025-05-08 04:52:02 CEST.
Flavor | Version | Tinstall | Tcheck | Ttotal | Status | Flags |
---|---|---|---|---|---|---|
r-devel-linux-x86_64-debian-clang | 1.1.747 | 19.75 | 156.40 | 176.15 | NOTE | |
r-devel-linux-x86_64-debian-gcc | 1.1.747 | 12.91 | 110.32 | 123.23 | NOTE | |
r-devel-linux-x86_64-fedora-clang | 1.1.747 | 284.76 | OK | |||
r-devel-linux-x86_64-fedora-gcc | 1.1.747 | 257.98 | OK | |||
r-devel-windows-x86_64 | 1.1.747 | 23.00 | 184.00 | 207.00 | OK | |
r-patched-linux-x86_64 | 1.1.747 | 21.76 | 142.16 | 163.92 | OK | |
r-release-linux-x86_64 | 1.1.747 | 18.92 | 142.57 | 161.49 | OK | |
r-release-macos-arm64 | 1.1.747 | 78.00 | OK | |||
r-release-macos-x86_64 | 1.1.747 | 166.00 | OK | |||
r-release-windows-x86_64 | 1.1.747 | 21.00 | 186.00 | 207.00 | OK | |
r-oldrel-macos-arm64 | 1.1.747 | 75.00 | OK | |||
r-oldrel-macos-x86_64 | 1.1.747 | 173.00 | OK | |||
r-oldrel-windows-x86_64 | 1.1.747 | 27.00 | 228.00 | 255.00 | OK |
Version: 1.1.747
Check: DESCRIPTION meta-information
Result: NOTE
Author field differs from that derived from Authors@R
Author: ‘Eduardo Ogasawara [aut, ths, cre] (<https://orcid.org/0000-0002-0466-0626>), Antonio Castro [aut, ctb], Diego Salles [aut, ths], Janio Lima [aut, ths], Lucas Tavares [aut, ths], Diego Carvalho [aut, ths], Eduardo Bezerra [aut, ths], Rafaelli Coutinho [aut, ths], Federal Center for Technological Education of Rio de Janeiro (CEFET/RJ) [cph] (CEFET/RJ)’
Authors@R: ‘Eduardo Ogasawara [aut, ths, cre] (ORCID: <https://orcid.org/0000-0002-0466-0626>), Antonio Castro [aut, ctb], Diego Salles [aut, ths], Janio Lima [aut, ths], Lucas Tavares [aut, ths], Diego Carvalho [aut, ths], Eduardo Bezerra [aut, ths], Rafaelli Coutinho [aut, ths], Federal Center for Technological Education of Rio de Janeiro (CEFET/RJ) [cph] (organization: CEFET/RJ)’
Flavors: r-devel-linux-x86_64-debian-clang, r-devel-linux-x86_64-debian-gcc
These binaries (installable software) and packages are in development.
They may not be fully stable and should be used with caution. We make no claims about them.