Last updated on 2025-05-03 22:49:50 CEST.
Flavor | Version | Tinstall | Tcheck | Ttotal | Status | Flags |
---|---|---|---|---|---|---|
r-devel-linux-x86_64-debian-clang | 1.0.787 | 19.91 | 161.33 | 181.24 | NOTE | |
r-devel-linux-x86_64-debian-gcc | 1.0.787 | 15.16 | 118.55 | 133.71 | NOTE | |
r-devel-linux-x86_64-fedora-clang | 1.0.787 | 294.97 | OK | |||
r-devel-linux-x86_64-fedora-gcc | 1.0.787 | 273.56 | OK | |||
r-devel-windows-x86_64 | 1.0.787 | 25.00 | 147.00 | 172.00 | OK | |
r-patched-linux-x86_64 | 1.0.787 | 19.51 | 147.85 | 167.36 | OK | |
r-release-linux-x86_64 | OK | |||||
r-release-macos-arm64 | 1.0.787 | 73.00 | OK | |||
r-release-macos-x86_64 | 1.0.787 | 152.00 | OK | |||
r-release-windows-x86_64 | 1.0.787 | 21.00 | 149.00 | 170.00 | OK | |
r-oldrel-macos-arm64 | 1.0.787 | 85.00 | OK | |||
r-oldrel-macos-x86_64 | 1.1.717 | 114.00 | OK | |||
r-oldrel-windows-x86_64 | 1.0.787 | 28.00 | 189.00 | 217.00 | OK |
Version: 1.0.787
Check: DESCRIPTION meta-information
Result: NOTE
Author field differs from that derived from Authors@R
Author: ‘Eduardo Ogasawara [aut, ths, cre] (<https://orcid.org/0000-0002-0466-0626>), Diego Salles [aut, ths], Federal Center for Technological Education of Rio de Janeiro (CEFET/RJ) [cph] (CEFET/RJ)’
Authors@R: ‘Eduardo Ogasawara [aut, ths, cre] (ORCID: <https://orcid.org/0000-0002-0466-0626>), Diego Salles [aut, ths], Federal Center for Technological Education of Rio de Janeiro (CEFET/RJ) [cph] (organization: CEFET/RJ)’
Flavors: r-devel-linux-x86_64-debian-clang, r-devel-linux-x86_64-debian-gcc
These binaries (installable software) and packages are in development.
They may not be fully stable and should be used with caution. We make no claims about them.