Last updated on 2025-05-21 23:48:40 CEST.
Flavor | Version | Tinstall | Tcheck | Ttotal | Status | Flags |
---|---|---|---|---|---|---|
r-devel-linux-x86_64-debian-clang | 1.0.2.1000 | 13.65 | 330.92 | 344.57 | NOTE | |
r-devel-linux-x86_64-debian-gcc | 1.0.2.1000 | 10.02 | 212.22 | 222.24 | NOTE | |
r-devel-linux-x86_64-fedora-clang | 1.0.2.1000 | 540.08 | OK | |||
r-devel-linux-x86_64-fedora-gcc | 1.0.2.1000 | 525.45 | OK | |||
r-devel-windows-x86_64 | 1.0.2.1000 | 14.00 | 293.00 | 307.00 | OK | |
r-patched-linux-x86_64 | 1.0.2.1000 | 14.31 | 306.11 | 320.42 | OK | |
r-release-linux-x86_64 | 1.0.2.1000 | 12.50 | 308.26 | 320.76 | OK | |
r-release-macos-arm64 | 1.0.2.1000 | 144.00 | OK | |||
r-release-macos-x86_64 | 1.0.2.1000 | 296.00 | OK | |||
r-release-windows-x86_64 | 1.0.2.1000 | 15.00 | 275.00 | 290.00 | OK | |
r-oldrel-macos-arm64 | 1.0.2.1000 | 136.00 | OK | |||
r-oldrel-macos-x86_64 | 1.0.2.1000 | 231.00 | OK | |||
r-oldrel-windows-x86_64 | 1.0.2.1000 | 19.00 | 368.00 | 387.00 | OK |
Version: 1.0.2.1000
Check: CRAN incoming feasibility
Result: NOTE
Maintainer: ‘David Garibay <dgari039@uottawa.ca>’
Found the following \keyword or \concept entries
which likely give several index terms:
File ‘beta_params.Rd’:
\keyword{distribution;}
File ‘calc_evpi.Rd’:
\keyword{information;}
File ‘dirichlet_params.Rd’:
\keyword{distribution;}
File ‘gamma_params.Rd’:
\keyword{distribution;}
File ‘lnorm_params.Rd’:
\keyword{distribution;}
Flavors: r-devel-linux-x86_64-debian-clang, r-devel-linux-x86_64-debian-gcc
These binaries (installable software) and packages are in development.
They may not be fully stable and should be used with caution. We make no claims about them.