CRAN Package Check Results for Package damr

Last updated on 2025-02-16 10:50:44 CET.

Flavor Version Tinstall Tcheck Ttotal Status Flags
r-devel-linux-x86_64-debian-clang 0.3.7 2.80 44.58 47.38 NOTE
r-devel-linux-x86_64-debian-gcc 0.3.7 1.99 39.17 41.16 NOTE
r-devel-linux-x86_64-fedora-clang 0.3.7 68.61 OK
r-devel-linux-x86_64-fedora-gcc 0.3.7 64.40 OK
r-devel-macos-arm64 0.3.7 23.00 OK
r-devel-macos-x86_64 0.3.7 39.00 OK
r-devel-windows-x86_64 0.3.7 4.00 54.00 58.00 NOTE
r-patched-linux-x86_64 0.3.7 7.82 38.35 46.17 OK
r-release-linux-x86_64 0.3.7 2.66 40.38 43.04 OK
r-release-macos-arm64 0.3.7 22.00 OK
r-release-macos-x86_64 0.3.7 34.00 OK
r-release-windows-x86_64 0.3.7 5.00 54.00 59.00 OK
r-oldrel-macos-arm64 0.3.7 26.00 OK
r-oldrel-macos-x86_64 0.3.7 34.00 OK
r-oldrel-windows-x86_64 0.3.7 5.00 60.00 65.00 OK

Check Details

Version: 0.3.7
Check: Rd cross-references
Result: NOTE Found the following Rd file(s) with Rd \link{} targets missing package anchors: link_dam_metadata.Rd: data.table read_dam_file.Rd: behavr Please provide package anchors for all Rd \link{} targets not in the package itself and the base packages. Flavors: r-devel-linux-x86_64-debian-clang, r-devel-linux-x86_64-debian-gcc, r-devel-windows-x86_64

These binaries (installable software) and packages are in development.
They may not be fully stable and should be used with caution. We make no claims about them.