Last updated on 2025-02-19 16:50:45 CET.
Flavor | Version | Tinstall | Tcheck | Ttotal | Status | Flags |
---|---|---|---|---|---|---|
r-devel-linux-x86_64-debian-clang | 1.0.0 | 24.95 | 113.70 | 138.65 | OK | |
r-devel-linux-x86_64-debian-gcc | 1.0.0 | 16.18 | 72.68 | 88.86 | OK | |
r-devel-linux-x86_64-fedora-clang | 1.0.0 | 267.18 | OK | |||
r-devel-linux-x86_64-fedora-gcc | 1.0.0 | 223.12 | OK | |||
r-devel-macos-arm64 | 1.0.0 | 53.00 | OK | |||
r-devel-macos-x86_64 | 1.0.0 | 114.00 | OK | |||
r-devel-windows-x86_64 | 1.0.0 | 29.00 | 129.00 | 158.00 | OK | |
r-patched-linux-x86_64 | 1.0.0 | 22.72 | 102.63 | 125.35 | OK | |
r-release-linux-x86_64 | 1.0.0 | 22.68 | 103.99 | 126.67 | OK | |
r-release-macos-arm64 | 1.0.0 | 55.00 | OK | |||
r-release-macos-x86_64 | 1.0.0 | 81.00 | OK | |||
r-release-windows-x86_64 | 1.0.0 | 29.00 | 3.00 | 32.00 | FAIL | |
r-oldrel-macos-arm64 | 1.0.0 | 59.00 | OK | |||
r-oldrel-macos-x86_64 | 1.0.0 | 164.00 | OK | |||
r-oldrel-windows-x86_64 | 1.0.0 | 34.00 | 184.00 | 218.00 | OK |
Version: 1.0.0
Check: package dependencies
Result: FAIL
Flavor: r-release-windows-x86_64
These binaries (installable software) and packages are in development.
They may not be fully stable and should be used with caution. We make no claims about them.