Last updated on 2025-05-01 15:49:28 CEST.
Flavor | Version | Tinstall | Tcheck | Ttotal | Status | Flags |
---|---|---|---|---|---|---|
r-devel-linux-x86_64-debian-clang | 0.2.0 | 4.07 | 45.19 | 49.26 | NOTE | |
r-devel-linux-x86_64-debian-gcc | 0.2.0 | 2.74 | 34.76 | 37.50 | NOTE | |
r-devel-linux-x86_64-fedora-clang | 0.2.0 | 73.02 | OK | |||
r-devel-linux-x86_64-fedora-gcc | 0.2.0 | 84.62 | OK | |||
r-devel-windows-x86_64 | 0.2.0 | 6.00 | 76.00 | 82.00 | OK | |
r-patched-linux-x86_64 | 0.2.0 | 3.63 | 40.93 | 44.56 | OK | |
r-release-linux-x86_64 | OK | |||||
r-release-macos-arm64 | 0.2.0 | 70.00 | OK | |||
r-release-macos-x86_64 | 0.2.0 | 99.00 | OK | |||
r-release-windows-x86_64 | 0.2.0 | 7.00 | 80.00 | 87.00 | OK | |
r-oldrel-macos-arm64 | 0.2.0 | 72.00 | OK | |||
r-oldrel-macos-x86_64 | 0.2.0 | 82.00 | OK | |||
r-oldrel-windows-x86_64 | 0.2.0 | 7.00 | 77.00 | 84.00 | OK |
Version: 0.2.0
Check: CRAN incoming feasibility
Result: NOTE
Maintainer: ‘Valeri Voev <v_voev@yahoo.com>’
No Authors@R field in DESCRIPTION.
Please add one, modifying
Authors@R: person(given = "Valeri",
family = "Voev",
role = c("aut", "cre"),
email = "v_voev@yahoo.com")
as necessary.
Flavors: r-devel-linux-x86_64-debian-clang, r-devel-linux-x86_64-debian-gcc
These binaries (installable software) and packages are in development.
They may not be fully stable and should be used with caution. We make no claims about them.