CRAN Package Check Results for Package darksky

Last updated on 2025-10-23 11:50:11 CEST.

Flavor Version Tinstall Tcheck Ttotal Status Flags
r-devel-linux-x86_64-debian-clang 1.3.0 5.93 55.04 60.97 NOTE
r-devel-linux-x86_64-debian-gcc 1.3.0 4.02 41.04 45.06 OK
r-devel-linux-x86_64-fedora-clang 1.3.0 16.00 80.95 96.95 OK
r-devel-linux-x86_64-fedora-gcc 1.3.0 12.00 75.39 87.39 OK
r-devel-windows-x86_64 1.3.0 8.00 66.00 74.00 OK
r-patched-linux-x86_64 1.3.0 5.54 51.65 57.19 OK
r-release-linux-x86_64 1.3.0 5.84 51.89 57.73 OK
r-release-macos-arm64 1.3.0 3.00 22.00 25.00 OK
r-release-macos-x86_64 1.3.0 4.00 37.00 41.00 OK
r-release-windows-x86_64 1.3.0 8.00 66.00 74.00 OK
r-oldrel-macos-arm64 1.3.0 2.00 25.00 27.00 OK
r-oldrel-macos-x86_64 1.3.0 4.00 32.00 36.00 OK
r-oldrel-windows-x86_64 1.3.0 9.00 82.00 91.00 OK

Check Details

Version: 1.3.0
Check: HTML version of manual
Result: NOTE Found the following HTML validation problems: print.darksky.html:51:1 (print.darksky.Rd:12): Warning: missing </ul> before </div> Flavor: r-devel-linux-x86_64-debian-clang

These binaries (installable software) and packages are in development.
They may not be fully stable and should be used with caution. We make no claims about them.