Last updated on 2025-02-19 16:50:45 CET.
Flavor | Version | Tinstall | Tcheck | Ttotal | Status | Flags |
---|---|---|---|---|---|---|
r-devel-linux-x86_64-debian-clang | 0.98 | 46.16 | 319.52 | 365.68 | OK | |
r-devel-linux-x86_64-debian-gcc | 0.98 | 26.12 | 207.29 | 233.41 | OK | |
r-devel-linux-x86_64-fedora-clang | 0.98 | 601.53 | OK | |||
r-devel-linux-x86_64-fedora-gcc | 0.98 | 541.24 | OK | |||
r-devel-macos-arm64 | 0.98 | 138.00 | OK | |||
r-devel-macos-x86_64 | 0.98 | 266.00 | OK | |||
r-devel-windows-x86_64 | 0.98 | 40.00 | 330.00 | 370.00 | OK | |
r-patched-linux-x86_64 | 0.98 | 45.18 | 295.75 | 340.93 | OK | |
r-release-linux-x86_64 | 0.98 | 42.63 | 294.08 | 336.71 | OK | |
r-release-macos-arm64 | 0.98 | 112.00 | OK | |||
r-release-macos-x86_64 | 0.98 | 275.00 | OK | |||
r-release-windows-x86_64 | 0.98 | 40.00 | 325.00 | 365.00 | OK | |
r-oldrel-macos-arm64 | 0.98 | 145.00 | NOTE | |||
r-oldrel-macos-x86_64 | 0.98 | 280.00 | OK | |||
r-oldrel-windows-x86_64 | 0.98 | 58.00 | 404.00 | 462.00 | OK |
Version: 0.98
Check: package dependencies
Result: NOTE
Package suggested but not available for checking: ‘snpStats’
Flavor: r-oldrel-macos-arm64
Version: 0.98
Check: Rd cross-references
Result: NOTE
Package unavailable to check Rd xrefs: ‘snpStats’
Flavor: r-oldrel-macos-arm64
These binaries (installable software) and packages are in development.
They may not be fully stable and should be used with caution. We make no claims about them.