Last updated on 2025-10-23 09:50:42 CEST.
Flavor | Version | Tinstall | Tcheck | Ttotal | Status | Flags |
---|---|---|---|---|---|---|
r-devel-linux-x86_64-debian-clang | 1.0.7 | 79.60 | 601.44 | 681.04 | NOTE | |
r-devel-linux-x86_64-debian-gcc | 1.0.7 | 47.80 | 386.26 | 434.06 | OK | |
r-devel-linux-x86_64-fedora-clang | 1.0.7 | 394.00 | 747.66 | 1141.66 | OK | |
r-devel-linux-x86_64-fedora-gcc | 1.0.7 | 156.00 | 879.06 | 1035.06 | OK | |
r-devel-windows-x86_64 | 1.0.7 | 70.00 | 555.00 | 625.00 | OK | |
r-patched-linux-x86_64 | 1.0.7 | 77.89 | 574.52 | 652.41 | OK | |
r-release-linux-x86_64 | 1.0.7 | 68.02 | 571.79 | 639.81 | OK | |
r-release-macos-arm64 | 1.0.7 | 31.00 | 207.00 | 238.00 | OK | |
r-release-macos-x86_64 | 1.0.7 | 74.00 | 365.00 | 439.00 | OK | |
r-release-windows-x86_64 | 1.0.7 | 67.00 | 543.00 | 610.00 | OK | |
r-oldrel-macos-arm64 | 1.0.7 | 31.00 | 216.00 | 247.00 | OK | |
r-oldrel-macos-x86_64 | 1.0.7 | 73.00 | 382.00 | 455.00 | OK | |
r-oldrel-windows-x86_64 | 1.0.7 | 97.00 | 754.00 | 851.00 | OK |
Version: 1.0.7
Check: HTML version of manual
Result: NOTE
Found the following HTML validation problems:
sub-dartR-ANY-ANY-ANY-method.html:77:1 (sub-dartR-ANY-ANY-ANY-method.Rd:26): Warning: missing </ul> before </div>
Flavor: r-devel-linux-x86_64-debian-clang
These binaries (installable software) and packages are in development.
They may not be fully stable and should be used with caution. We make no claims about them.