Last updated on 2025-02-19 16:50:45 CET.
Flavor | Version | Tinstall | Tcheck | Ttotal | Status | Flags |
---|---|---|---|---|---|---|
r-devel-linux-x86_64-debian-clang | 1.0.8 | 46.98 | 102.62 | 149.60 | OK | |
r-devel-linux-x86_64-debian-gcc | 1.0.8 | 39.87 | 78.10 | 117.97 | OK | |
r-devel-linux-x86_64-fedora-clang | 1.0.8 | 254.69 | OK | |||
r-devel-linux-x86_64-fedora-gcc | 1.0.8 | 223.44 | OK | |||
r-devel-macos-arm64 | 1.0.8 | 82.00 | OK | |||
r-devel-macos-x86_64 | 1.0.8 | 131.00 | OK | |||
r-devel-windows-x86_64 | 1.0.8 | 50.00 | 113.00 | 163.00 | OK | |
r-patched-linux-x86_64 | 1.0.8 | 44.40 | 96.35 | 140.75 | OK | |
r-release-linux-x86_64 | 1.0.8 | 42.11 | 95.26 | 137.37 | OK | |
r-release-macos-arm64 | 1.0.8 | 85.00 | NOTE | |||
r-release-macos-x86_64 | 1.0.8 | 173.00 | NOTE | |||
r-release-windows-x86_64 | 1.0.8 | 49.00 | 3.00 | 52.00 | FAIL | |
r-oldrel-macos-arm64 | 1.0.8 | 82.00 | NOTE | |||
r-oldrel-macos-x86_64 | 1.0.8 | 189.00 | NOTE | |||
r-oldrel-windows-x86_64 | 1.0.8 | 60.00 | 127.00 | 187.00 | NOTE |
Version: 1.0.8
Check: installed package size
Result: NOTE
installed size is 5.9Mb
sub-directories of 1Mb or more:
data 4.5Mb
Flavors: r-release-macos-arm64, r-release-macos-x86_64, r-oldrel-macos-arm64, r-oldrel-macos-x86_64, r-oldrel-windows-x86_64
Version: 1.0.8
Check: package dependencies
Result: FAIL
Flavor: r-release-windows-x86_64
These binaries (installable software) and packages are in development.
They may not be fully stable and should be used with caution. We make no claims about them.