CRAN Package Check Results for Package dartR

Last updated on 2025-07-02 01:51:34 CEST.

Flavor Version Tinstall Tcheck Ttotal Status Flags
r-devel-linux-x86_64-debian-clang 2.9.9.5 84.92 607.41 692.33 OK
r-devel-linux-x86_64-debian-gcc 2.9.9.5 54.83 387.05 441.88 OK
r-devel-linux-x86_64-fedora-clang 2.9.9.5 1140.62 NOTE
r-devel-linux-x86_64-fedora-gcc 2.9.9.5 1116.57 NOTE
r-devel-windows-x86_64 2.9.9.5 79.00 608.00 687.00 OK
r-patched-linux-x86_64 OK
r-release-linux-x86_64 2.9.9.5 76.89 569.95 646.84 OK
r-release-macos-arm64 2.9.9.5 277.00 OK
r-release-macos-x86_64 2.9.9.5 318.00 OK
r-release-windows-x86_64 2.9.9.5 75.00 601.00 676.00 OK
r-oldrel-macos-arm64 2.9.9.5 218.00 NOTE
r-oldrel-macos-x86_64 2.9.9.5 320.00 NOTE
r-oldrel-windows-x86_64 2.9.9.5 104.00 789.00 893.00 NOTE

Additional issues

0len

Check Details

Version: 2.9.9.5
Check: dependencies in R code
Result: NOTE Namespace in Imports field not imported from: ‘foreach’ All declared Imports should be used. Flavors: r-devel-linux-x86_64-fedora-clang, r-devel-linux-x86_64-fedora-gcc

Version: 2.9.9.5
Check: installed package size
Result: NOTE installed size is 6.4Mb sub-directories of 1Mb or more: R 2.0Mb help 2.6Mb Flavors: r-oldrel-macos-arm64, r-oldrel-macos-x86_64, r-oldrel-windows-x86_64

These binaries (installable software) and packages are in development.
They may not be fully stable and should be used with caution. We make no claims about them.