Last updated on 2025-10-23 09:50:42 CEST.
Flavor | Version | Tinstall | Tcheck | Ttotal | Status | Flags |
---|---|---|---|---|---|---|
r-devel-linux-x86_64-debian-clang | 2.9.9.5 | 78.53 | 648.93 | 727.46 | NOTE | |
r-devel-linux-x86_64-debian-gcc | 2.9.9.5 | 51.44 | 400.35 | 451.79 | OK | |
r-devel-linux-x86_64-fedora-clang | 2.9.9.5 | 476.00 | 764.99 | 1240.99 | NOTE | |
r-devel-linux-x86_64-fedora-gcc | 2.9.9.5 | 173.00 | 960.52 | 1133.52 | NOTE | |
r-devel-windows-x86_64 | 2.9.9.5 | 78.00 | 630.00 | 708.00 | OK | |
r-patched-linux-x86_64 | 2.9.9.5 | 90.14 | 615.26 | 705.40 | OK | |
r-release-linux-x86_64 | 2.9.9.5 | 69.97 | 612.44 | 682.41 | OK | |
r-release-macos-arm64 | 2.9.9.5 | 47.00 | 230.00 | 277.00 | OK | |
r-release-macos-x86_64 | 2.9.9.5 | 64.00 | 254.00 | 318.00 | OK | |
r-release-windows-x86_64 | 2.9.9.5 | 77.00 | 618.00 | 695.00 | OK | |
r-oldrel-macos-arm64 | 2.9.9.5 | 30.00 | 188.00 | 218.00 | NOTE | |
r-oldrel-macos-x86_64 | 2.9.9.5 | 59.00 | 261.00 | 320.00 | NOTE | |
r-oldrel-windows-x86_64 | 2.9.9.5 | 111.00 | 861.00 | 972.00 | NOTE |
Version: 2.9.9.5
Check: HTML version of manual
Result: NOTE
Found the following HTML validation problems:
sub-dartR-ANY-ANY-ANY-method.html:77:1 (sub-dartR-ANY-ANY-ANY-method.Rd:26): Warning: missing </ul> before </div>
utils.clumpp.html:58:1 (utils.clumpp.Rd:17): Warning: missing </ul> before </div>
Flavor: r-devel-linux-x86_64-debian-clang
Version: 2.9.9.5
Check: dependencies in R code
Result: NOTE
Namespace in Imports field not imported from: ‘foreach’
All declared Imports should be used.
Flavors: r-devel-linux-x86_64-fedora-clang, r-devel-linux-x86_64-fedora-gcc
Version: 2.9.9.5
Check: installed package size
Result: NOTE
installed size is 6.4Mb
sub-directories of 1Mb or more:
R 2.0Mb
help 2.6Mb
Flavors: r-oldrel-macos-arm64, r-oldrel-macos-x86_64, r-oldrel-windows-x86_64
These binaries (installable software) and packages are in development.
They may not be fully stable and should be used with caution. We make no claims about them.