Last updated on 2025-05-21 17:52:08 CEST.
Flavor | Version | Tinstall | Tcheck | Ttotal | Status | Flags |
---|---|---|---|---|---|---|
r-devel-linux-x86_64-debian-clang | 0.70 | 46.50 | 400.20 | 446.70 | NOTE | |
r-devel-linux-x86_64-debian-gcc | 0.70 | 28.35 | 264.55 | 292.90 | NOTE | |
r-devel-linux-x86_64-fedora-clang | 0.70 | 709.97 | OK | |||
r-devel-linux-x86_64-fedora-gcc | 0.70 | 676.14 | OK | |||
r-devel-windows-x86_64 | 0.70 | 45.00 | 312.00 | 357.00 | NOTE | |
r-patched-linux-x86_64 | 0.70 | 41.86 | 370.57 | 412.43 | NOTE | |
r-release-linux-x86_64 | 0.70 | 49.45 | 373.27 | 422.72 | NOTE | |
r-release-macos-arm64 | 0.70 | 149.00 | OK | |||
r-release-macos-x86_64 | 0.70 | 142.00 | OK | |||
r-release-windows-x86_64 | 0.70 | 45.00 | 299.00 | 344.00 | NOTE | |
r-oldrel-macos-arm64 | 0.70 | 64.00 | OK | |||
r-oldrel-macos-x86_64 | 0.70 | 99.00 | OK | |||
r-oldrel-windows-x86_64 | 0.70 | 64.00 | 409.00 | 473.00 | OK |
Version: 0.70
Check: Rd cross-references
Result: NOTE
Found the following Rd file(s) with Rd \link{} targets missing package
anchors:
gl.diagnostics.sim.Rd: gl.filter.callrate
Please provide package anchors for all Rd \link{} targets not in the
package itself and the base packages.
Flavors: r-devel-linux-x86_64-debian-clang, r-devel-linux-x86_64-debian-gcc, r-devel-windows-x86_64, r-patched-linux-x86_64, r-release-linux-x86_64, r-release-windows-x86_64
These binaries (installable software) and packages are in development.
They may not be fully stable and should be used with caution. We make no claims about them.