Last updated on 2025-02-16 10:50:44 CET.
Flavor | Version | Tinstall | Tcheck | Ttotal | Status | Flags |
---|---|---|---|---|---|---|
r-devel-linux-x86_64-debian-clang | 0.78 | 45.21 | 350.19 | 395.40 | NOTE | |
r-devel-linux-x86_64-debian-gcc | 0.78 | 28.60 | 229.66 | 258.26 | NOTE | |
r-devel-linux-x86_64-fedora-clang | 0.78 | 672.98 | OK | |||
r-devel-linux-x86_64-fedora-gcc | 0.78 | 584.69 | OK | |||
r-devel-macos-arm64 | 0.78 | 148.00 | OK | |||
r-devel-macos-x86_64 | 0.78 | 287.00 | OK | |||
r-devel-windows-x86_64 | 0.78 | 36.00 | 264.00 | 300.00 | NOTE | |
r-patched-linux-x86_64 | 0.78 | 44.85 | 329.14 | 373.99 | OK | |
r-release-linux-x86_64 | 0.78 | 41.45 | 330.25 | 371.70 | OK | |
r-release-macos-arm64 | 0.78 | 134.00 | OK | |||
r-release-macos-x86_64 | 0.78 | 209.00 | OK | |||
r-release-windows-x86_64 | 0.78 | 37.00 | 259.00 | 296.00 | OK | |
r-oldrel-macos-arm64 | 0.78 | 155.00 | OK | |||
r-oldrel-macos-x86_64 | 0.78 | 401.00 | OK | |||
r-oldrel-windows-x86_64 | 0.78 | 52.00 | 366.00 | 418.00 | OK |
Version: 0.78
Check: Rd cross-references
Result: NOTE
Found the following Rd file(s) with Rd \link{} targets missing package
anchors:
gl.spatial.autoCorr.Rd: gl.propShared, gl.dist.ind
Please provide package anchors for all Rd \link{} targets not in the
package itself and the base packages.
Flavors: r-devel-linux-x86_64-debian-clang, r-devel-linux-x86_64-debian-gcc, r-devel-windows-x86_64
These binaries (installable software) and packages are in development.
They may not be fully stable and should be used with caution. We make no claims about them.