Last updated on 2025-07-02 03:50:39 CEST.
Flavor | Version | Tinstall | Tcheck | Ttotal | Status | Flags |
---|---|---|---|---|---|---|
r-devel-linux-x86_64-debian-clang | 0.78 | 49.37 | 383.63 | 433.00 | NOTE | |
r-devel-linux-x86_64-debian-gcc | 0.78 | 26.18 | 249.47 | 275.65 | NOTE | |
r-devel-linux-x86_64-fedora-clang | 0.78 | 705.37 | OK | |||
r-devel-linux-x86_64-fedora-gcc | 0.78 | 678.17 | OK | |||
r-devel-windows-x86_64 | 0.78 | 41.00 | 293.00 | 334.00 | NOTE | |
r-patched-linux-x86_64 | NOTE | |||||
r-release-linux-x86_64 | 0.78 | 43.36 | 358.06 | 401.42 | NOTE | |
r-release-macos-arm64 | 0.78 | 145.00 | OK | |||
r-release-macos-x86_64 | 0.78 | 287.00 | OK | |||
r-release-windows-x86_64 | 0.78 | 39.00 | 285.00 | 324.00 | NOTE | |
r-oldrel-macos-arm64 | 0.78 | 134.00 | OK | |||
r-oldrel-macos-x86_64 | 0.78 | 209.00 | OK | |||
r-oldrel-windows-x86_64 | 0.78 | 57.00 | 400.00 | 457.00 | OK |
Version: 0.78
Check: Rd cross-references
Result: NOTE
Found the following Rd file(s) with Rd \link{} targets missing package
anchors:
gl.spatial.autoCorr.Rd: gl.propShared, gl.dist.ind
Please provide package anchors for all Rd \link{} targets not in the
package itself and the base packages.
Flavors: r-devel-linux-x86_64-debian-clang, r-devel-linux-x86_64-debian-gcc, r-devel-windows-x86_64, r-patched-linux-x86_64, r-release-linux-x86_64, r-release-windows-x86_64
These binaries (installable software) and packages are in development.
They may not be fully stable and should be used with caution. We make no claims about them.