Last updated on 2025-02-16 10:50:44 CET.
Flavor | Version | Tinstall | Tcheck | Ttotal | Status | Flags |
---|---|---|---|---|---|---|
r-devel-linux-x86_64-debian-clang | 1.1.0 | 5.04 | 101.24 | 106.28 | NOTE | |
r-devel-linux-x86_64-debian-gcc | 1.1.0 | 3.38 | 73.90 | 77.28 | NOTE | |
r-devel-linux-x86_64-fedora-clang | 1.1.0 | 187.38 | OK | |||
r-devel-linux-x86_64-fedora-gcc | 1.1.0 | 175.62 | OK | |||
r-devel-macos-arm64 | 1.1.0 | 54.00 | OK | |||
r-devel-macos-x86_64 | 1.1.0 | 135.00 | OK | |||
r-devel-windows-x86_64 | 1.1.0 | 8.00 | 129.00 | 137.00 | NOTE | |
r-patched-linux-x86_64 | 1.1.0 | 5.50 | 96.76 | 102.26 | OK | |
r-release-linux-x86_64 | 1.1.0 | 4.36 | 97.23 | 101.59 | OK | |
r-release-macos-arm64 | 1.1.0 | 57.00 | OK | |||
r-release-macos-x86_64 | 1.1.0 | 81.00 | OK | |||
r-release-windows-x86_64 | 1.1.0 | 6.00 | 127.00 | 133.00 | OK | |
r-oldrel-macos-arm64 | 1.1.0 | 55.00 | OK | |||
r-oldrel-macos-x86_64 | 1.1.0 | 153.00 | OK | |||
r-oldrel-windows-x86_64 | 1.1.0 | 6.00 | 136.00 | 142.00 | OK |
Version: 1.1.0
Check: Rd cross-references
Result: NOTE
Found the following Rd file(s) with Rd \link{} targets missing package
anchors:
Node.Rd: R6Class
as.Node.rpart.Rd: rpart, text.rpart
Please provide package anchors for all Rd \link{} targets not in the
package itself and the base packages.
Flavors: r-devel-linux-x86_64-debian-clang, r-devel-linux-x86_64-debian-gcc, r-devel-windows-x86_64
These binaries (installable software) and packages are in development.
They may not be fully stable and should be used with caution. We make no claims about them.