Last updated on 2025-10-23 11:50:11 CEST.
Flavor | Version | Tinstall | Tcheck | Ttotal | Status | Flags |
---|---|---|---|---|---|---|
r-devel-linux-x86_64-debian-clang | 0.1.4 | 6.48 | 116.31 | 122.79 | NOTE | |
r-devel-linux-x86_64-debian-gcc | 0.1.4 | 4.09 | 77.21 | 81.30 | NOTE | |
r-devel-linux-x86_64-fedora-clang | 0.1.4 | 20.00 | 177.00 | 197.00 | NOTE | |
r-devel-linux-x86_64-fedora-gcc | 0.1.4 | 12.00 | 176.57 | 188.57 | NOTE | |
r-devel-windows-x86_64 | 0.1.4 | 10.00 | 125.00 | 135.00 | NOTE | |
r-patched-linux-x86_64 | 0.1.4 | 6.68 | 106.63 | 113.31 | NOTE | |
r-release-linux-x86_64 | 0.1.4 | 5.94 | 106.00 | 111.94 | NOTE | |
r-release-macos-arm64 | 0.1.4 | 3.00 | 62.00 | 65.00 | NOTE | |
r-release-macos-x86_64 | 0.1.4 | 7.00 | 110.00 | 117.00 | NOTE | |
r-release-windows-x86_64 | 0.1.4 | 10.00 | 129.00 | 139.00 | NOTE | |
r-oldrel-macos-arm64 | 0.1.4 | 3.00 | 48.00 | 51.00 | NOTE | |
r-oldrel-macos-x86_64 | 0.1.4 | 4.00 | 81.00 | 85.00 | NOTE | |
r-oldrel-windows-x86_64 | 0.1.4 | 11.00 | 168.00 | 179.00 | NOTE |
Version: 0.1.4
Check: Rd files
Result: NOTE
checkRd: (-1) processFlow.Rd:14: Lost braces
14 | \item{roundDigits}{Integer. If NA, numerics are not rounded before comparison. If /code{roundDigits} is specified, numerics are
| ^
checkRd: (-1) processFlow.Rd:15: Lost braces
15 | rounded to /code{roundDigits} decimal places using \link[base]{round}.}
| ^
Flavors: r-devel-linux-x86_64-debian-clang, r-devel-linux-x86_64-debian-gcc, r-devel-linux-x86_64-fedora-clang, r-devel-linux-x86_64-fedora-gcc, r-devel-windows-x86_64, r-patched-linux-x86_64, r-release-linux-x86_64, r-release-macos-arm64, r-release-macos-x86_64, r-release-windows-x86_64, r-oldrel-macos-arm64, r-oldrel-macos-x86_64, r-oldrel-windows-x86_64
Version: 0.1.4
Check: HTML version of manual
Result: NOTE
Found the following HTML validation problems:
compareNames.html:50:1 (compareNames.Rd:12): Warning: missing </ul> before </div>
Flavor: r-devel-linux-x86_64-debian-clang
These binaries (installable software) and packages are in development.
They may not be fully stable and should be used with caution. We make no claims about them.