Last updated on 2025-02-16 10:50:44 CET.
Flavor | Version | Tinstall | Tcheck | Ttotal | Status | Flags |
---|---|---|---|---|---|---|
r-devel-linux-x86_64-debian-clang | 1.4.1 | 8.57 | 80.36 | 88.93 | NOTE | |
r-devel-linux-x86_64-debian-gcc | 1.4.1 | 5.87 | 57.97 | 63.84 | NOTE | |
r-devel-linux-x86_64-fedora-clang | 1.4.1 | 153.07 | NOTE | |||
r-devel-linux-x86_64-fedora-gcc | 1.4.1 | 144.82 | NOTE | |||
r-devel-macos-arm64 | 1.4.1 | 53.00 | NOTE | |||
r-devel-macos-x86_64 | 1.4.1 | 92.00 | NOTE | |||
r-devel-windows-x86_64 | 1.4.1 | 10.00 | 110.00 | 120.00 | NOTE | |
r-patched-linux-x86_64 | 1.4.1 | 14.66 | 72.85 | 87.51 | NOTE | |
r-release-linux-x86_64 | 1.4.1 | 7.88 | 72.75 | 80.63 | NOTE | |
r-release-macos-arm64 | 1.4.1 | 49.00 | NOTE | |||
r-release-macos-x86_64 | 1.4.1 | 70.00 | NOTE | |||
r-release-windows-x86_64 | 1.4.1 | 12.00 | 116.00 | 128.00 | NOTE | |
r-oldrel-macos-arm64 | 1.4.1 | 52.00 | OK | |||
r-oldrel-macos-x86_64 | 1.4.1 | 82.00 | OK | |||
r-oldrel-windows-x86_64 | 1.4.1 | 13.00 | 127.00 | 140.00 | OK |
Version: 1.4.1
Check: Rd files
Result: NOTE
checkRd: (-1) defaultFactorSummaries.Rd:29: Lost braces
29 | code{\link{variableType}}, \code{\link{countMissing}}, \code{\link{uniqueValues}},
| ^
Flavors: r-devel-linux-x86_64-debian-clang, r-devel-linux-x86_64-debian-gcc, r-devel-linux-x86_64-fedora-clang, r-devel-linux-x86_64-fedora-gcc, r-devel-macos-arm64, r-devel-macos-x86_64, r-devel-windows-x86_64, r-patched-linux-x86_64, r-release-linux-x86_64, r-release-macos-arm64, r-release-macos-x86_64, r-release-windows-x86_64
Version: 1.4.1
Check: Rd cross-references
Result: NOTE
Found the following Rd file(s) with Rd \link{} targets missing package
anchors:
identifyOutliers.Rd: mc
Please provide package anchors for all Rd \link{} targets not in the
package itself and the base packages.
Flavors: r-devel-linux-x86_64-debian-clang, r-devel-linux-x86_64-debian-gcc, r-devel-windows-x86_64
These binaries (installable software) and packages are in development.
They may not be fully stable and should be used with caution. We make no claims about them.