Last updated on 2025-02-16 10:50:44 CET.
Flavor | Version | Tinstall | Tcheck | Ttotal | Status | Flags |
---|---|---|---|---|---|---|
r-devel-linux-x86_64-debian-clang | 0.1.1 | 1.85 | 23.87 | 25.72 | NOTE | |
r-devel-linux-x86_64-debian-gcc | 0.1.1 | 1.55 | 18.95 | 20.50 | NOTE | |
r-devel-linux-x86_64-fedora-clang | 0.1.1 | 46.21 | NOTE | |||
r-devel-linux-x86_64-fedora-gcc | 0.1.1 | 54.25 | NOTE | |||
r-devel-macos-arm64 | 0.1.1 | 24.00 | OK | |||
r-devel-macos-x86_64 | 0.1.1 | 53.00 | OK | |||
r-devel-windows-x86_64 | 0.1.1 | 3.00 | 48.00 | 51.00 | OK | |
r-patched-linux-x86_64 | 0.1.1 | 1.92 | 22.69 | 24.61 | NOTE | |
r-release-linux-x86_64 | 0.1.1 | 1.81 | 22.65 | 24.46 | NOTE | |
r-release-macos-arm64 | 0.1.1 | 24.00 | OK | |||
r-release-macos-x86_64 | 0.1.1 | 34.00 | OK | |||
r-release-windows-x86_64 | 0.1.1 | 3.00 | 46.00 | 49.00 | OK | |
r-oldrel-macos-arm64 | 0.1.1 | 24.00 | OK | |||
r-oldrel-macos-x86_64 | 0.1.1 | 33.00 | OK | |||
r-oldrel-windows-x86_64 | 0.1.1 | 4.00 | 57.00 | 61.00 | OK |
Version: 0.1.1
Check: for non-standard things in the check directory
Result: NOTE
Found the following files/directories:
‘my new data set.rds’
Flavors: r-devel-linux-x86_64-debian-clang, r-devel-linux-x86_64-debian-gcc, r-devel-linux-x86_64-fedora-clang, r-devel-linux-x86_64-fedora-gcc, r-patched-linux-x86_64, r-release-linux-x86_64
These binaries (installable software) and packages are in development.
They may not be fully stable and should be used with caution. We make no claims about them.