Last updated on 2025-02-19 18:51:00 CET.
Flavor | Version | Tinstall | Tcheck | Ttotal | Status | Flags |
---|---|---|---|---|---|---|
r-devel-linux-x86_64-debian-clang | 1.1.1 | 10.28 | 106.29 | 116.57 | NOTE | |
r-devel-linux-x86_64-debian-gcc | 1.1.1 | 8.10 | 72.77 | 80.87 | NOTE | |
r-devel-linux-x86_64-fedora-clang | 1.1.1 | 187.75 | NOTE | |||
r-devel-linux-x86_64-fedora-gcc | 1.1.1 | 165.79 | NOTE | |||
r-devel-macos-arm64 | 1.1.1 | 58.00 | NOTE | |||
r-devel-macos-x86_64 | 1.1.1 | 100.00 | NOTE | |||
r-devel-windows-x86_64 | 1.1.1 | 12.00 | 129.00 | 141.00 | NOTE | |
r-patched-linux-x86_64 | 1.1.1 | 16.59 | 96.16 | 112.75 | NOTE | |
r-release-linux-x86_64 | 1.1.1 | 11.36 | 95.00 | 106.36 | NOTE | |
r-release-macos-arm64 | 1.1.1 | 50.00 | NOTE | |||
r-release-macos-x86_64 | 1.1.1 | 77.00 | NOTE | |||
r-release-windows-x86_64 | 1.1.1 | 12.00 | 3.00 | 15.00 | FAIL | |
r-oldrel-macos-arm64 | 1.1.1 | 50.00 | OK | |||
r-oldrel-macos-x86_64 | 1.1.1 | 134.00 | OK | |||
r-oldrel-windows-x86_64 | 1.1.1 | 16.00 | 156.00 | 172.00 | OK |
Version: 1.1.1
Check: Rd files
Result: NOTE
checkRd: (-1) build_date_factor.Rd:15: Lost braces; missing escapes or markup?
15 | Map a vector of dates to a factor at one of these levels {"yearmonth", "yearquarter", "quarter", "month"}
| ^
checkRd: (-1) build_date_factor.Rd:12: Lost braces; missing escapes or markup?
12 | \item{type}{One of {"year", "yearquarter", "yearmonth", "quarter", "month"}}
| ^
Flavors: r-devel-linux-x86_64-debian-clang, r-devel-linux-x86_64-debian-gcc, r-devel-linux-x86_64-fedora-clang, r-devel-linux-x86_64-fedora-gcc, r-devel-macos-arm64, r-devel-macos-x86_64, r-devel-windows-x86_64, r-patched-linux-x86_64, r-release-linux-x86_64, r-release-macos-arm64, r-release-macos-x86_64
Version: 1.1.1
Check: Rd cross-references
Result: NOTE
Found the following Rd file(s) with Rd \link{} targets missing package
anchors:
aggregate_by_key.Rd: data.table
build_target_encoding.Rd: data.table
fast_handle_na.Rd: copy, data.table
generate_date_diffs.Rd: data.table
set_col_as_character.Rd: data.table
set_col_as_date.Rd: data.table
set_col_as_factor.Rd: data.table
set_col_as_numeric.Rd: data.table
Please provide package anchors for all Rd \link{} targets not in the
package itself and the base packages.
Flavors: r-devel-linux-x86_64-debian-clang, r-devel-linux-x86_64-debian-gcc, r-devel-windows-x86_64
Version: 1.1.1
Check: package dependencies
Result: FAIL
Flavor: r-release-windows-x86_64
These binaries (installable software) and packages are in development.
They may not be fully stable and should be used with caution. We make no claims about them.