Last updated on 2025-10-23 11:50:11 CEST.
Flavor | Version | Tinstall | Tcheck | Ttotal | Status | Flags |
---|---|---|---|---|---|---|
r-devel-linux-x86_64-debian-clang | 1.0.5 | 9.74 | 103.45 | 113.19 | NOTE | |
r-devel-linux-x86_64-debian-gcc | 1.0.5 | 6.52 | 72.04 | 78.56 | OK | |
r-devel-linux-x86_64-fedora-clang | 1.0.5 | 24.00 | 148.12 | 172.12 | OK | |
r-devel-linux-x86_64-fedora-gcc | 1.0.5 | 18.00 | 156.99 | 174.99 | OK | |
r-devel-windows-x86_64 | 1.0.5 | 12.00 | 128.00 | 140.00 | OK | |
r-patched-linux-x86_64 | 1.0.5 | 10.68 | 96.45 | 107.13 | OK | |
r-release-linux-x86_64 | 1.0.5 | 8.65 | 96.00 | 104.65 | OK | |
r-release-macos-arm64 | 1.0.5 | 4.00 | 41.00 | 45.00 | OK | |
r-release-macos-x86_64 | 1.0.5 | 10.00 | 120.00 | 130.00 | OK | |
r-release-windows-x86_64 | 1.0.5 | 15.00 | 130.00 | 145.00 | OK | |
r-oldrel-macos-arm64 | 1.0.5 | 3.00 | 54.00 | 57.00 | OK | |
r-oldrel-macos-x86_64 | 1.0.5 | 7.00 | 76.00 | 83.00 | OK | |
r-oldrel-windows-x86_64 | 1.0.5 | 15.00 | 158.00 | 173.00 | OK |
Version: 1.0.5
Check: HTML version of manual
Result: NOTE
Found the following HTML validation problems:
basicVisualCFLB.html:55:1 (basicVisualCFLB.Rd:15): Warning: missing </ul> before </div>
Flavor: r-devel-linux-x86_64-debian-clang
These binaries (installable software) and packages are in development.
They may not be fully stable and should be used with caution. We make no claims about them.