CRAN Package Check Results for Package datacleanr

Last updated on 2025-05-01 12:49:25 CEST.

Flavor Version Tinstall Tcheck Ttotal Status Flags
r-devel-linux-x86_64-debian-clang 1.0.3 4.03 41.93 45.96 NOTE
r-devel-linux-x86_64-debian-gcc 1.0.3 4.15 31.75 35.90 NOTE
r-devel-linux-x86_64-fedora-clang 1.0.3 75.68 NOTE
r-devel-linux-x86_64-fedora-gcc 1.0.3 74.05 NOTE
r-devel-windows-x86_64 1.0.3 7.00 72.00 79.00 NOTE
r-patched-linux-x86_64 1.0.3 4.95 38.33 43.28 NOTE
r-release-linux-x86_64 NOTE
r-release-macos-arm64 1.0.3 24.00 OK
r-release-macos-x86_64 1.0.3 40.00 OK
r-release-windows-x86_64 1.0.3 7.00 66.00 73.00 NOTE
r-oldrel-macos-arm64 1.0.3 25.00 OK
r-oldrel-macos-x86_64 1.0.3 35.00 OK
r-oldrel-windows-x86_64 1.0.3 9.00 72.00 81.00 OK

Check Details

Version: 1.0.3
Check: Rd cross-references
Result: NOTE Found the following Rd file(s) with Rd \link{} targets missing package anchors: dcr_app.Rd: plotly Please provide package anchors for all Rd \link{} targets not in the package itself and the base packages. Flavors: r-devel-linux-x86_64-debian-clang, r-devel-linux-x86_64-debian-gcc, r-devel-windows-x86_64, r-patched-linux-x86_64, r-release-linux-x86_64, r-release-windows-x86_64

Version: 1.0.3
Check: dependencies in R code
Result: NOTE Namespace in Imports field not imported from: ‘htmltools’ All declared Imports should be used. Flavors: r-devel-linux-x86_64-fedora-clang, r-devel-linux-x86_64-fedora-gcc

These binaries (installable software) and packages are in development.
They may not be fully stable and should be used with caution. We make no claims about them.