CRAN Package Check Results for Package datadogr

Last updated on 2025-05-23 01:50:53 CEST.

Flavor Version Tinstall Tcheck Ttotal Status Flags
r-devel-linux-x86_64-debian-clang 0.1.2 2.57 30.42 32.99 OK
r-devel-linux-x86_64-debian-gcc 0.1.2 2.14 24.38 26.52 OK
r-devel-linux-x86_64-fedora-clang 0.1.2 49.48 OK
r-devel-linux-x86_64-fedora-gcc 0.1.2 47.23 OK
r-devel-windows-x86_64 0.1.2 6.00 55.00 61.00 OK
r-patched-linux-x86_64 0.1.2 2.37 28.02 30.39 OK
r-release-linux-x86_64 0.1.2 2.26 28.07 30.33 OK
r-release-macos-arm64 0.1.2 21.00 OK
r-release-macos-x86_64 0.1.2 36.00 OK
r-release-windows-x86_64 0.1.2 7.00 85.00 92.00 OK
r-oldrel-macos-arm64 0.1.2 21.00 NOTE
r-oldrel-macos-x86_64 0.1.2 36.00 NOTE
r-oldrel-windows-x86_64 0.1.2 5.00 57.00 62.00 NOTE

Check Details

Version: 0.1.2
Check: LazyData
Result: NOTE 'LazyData' is specified without a 'data' directory Flavors: r-oldrel-macos-arm64, r-oldrel-macos-x86_64, r-oldrel-windows-x86_64

These binaries (installable software) and packages are in development.
They may not be fully stable and should be used with caution. We make no claims about them.