CRAN Package Check Results for Package datadogr

Last updated on 2025-02-02 19:48:19 CET.

Flavor Version Tinstall Tcheck Ttotal Status Flags
r-devel-linux-x86_64-debian-clang 0.1.2 2.65 29.04 31.69 OK
r-devel-linux-x86_64-debian-gcc 0.1.2 2.16 22.26 24.42 OK
r-devel-linux-x86_64-fedora-clang 0.1.2 54.42 OK
r-devel-linux-x86_64-fedora-gcc 0.1.2 47.00 OK
r-devel-windows-x86_64 0.1.2 5.00 54.00 59.00 OK
r-patched-linux-x86_64 0.1.2 2.65 27.24 29.89 NOTE
r-release-linux-x86_64 0.1.2 2.55 27.27 29.82 NOTE
r-release-macos-arm64 0.1.2 21.00 NOTE
r-release-macos-x86_64 0.1.2 36.00 NOTE
r-release-windows-x86_64 0.1.2 6.00 55.00 61.00 NOTE
r-oldrel-macos-arm64 0.1.2 21.00 NOTE
r-oldrel-macos-x86_64 0.1.2 30.00 NOTE
r-oldrel-windows-x86_64 0.1.2 5.00 57.00 62.00 NOTE

Check Details

Version: 0.1.2
Check: LazyData
Result: NOTE 'LazyData' is specified without a 'data' directory Flavors: r-patched-linux-x86_64, r-release-linux-x86_64, r-release-macos-arm64, r-release-macos-x86_64, r-release-windows-x86_64, r-oldrel-macos-arm64, r-oldrel-macos-x86_64, r-oldrel-windows-x86_64

These binaries (installable software) and packages are in development.
They may not be fully stable and should be used with caution. We make no claims about them.