Last updated on 2025-05-08 04:52:02 CEST.
Flavor | Version | Tinstall | Tcheck | Ttotal | Status | Flags |
---|---|---|---|---|---|---|
r-devel-linux-x86_64-debian-clang | 0.2.4 | 16.16 | 82.21 | 98.37 | NOTE | |
r-devel-linux-x86_64-debian-gcc | 0.2.4 | 11.32 | 58.86 | 70.18 | NOTE | |
r-devel-linux-x86_64-fedora-clang | 0.2.4 | 156.39 | OK | |||
r-devel-linux-x86_64-fedora-gcc | 0.2.4 | 168.51 | OK | |||
r-devel-windows-x86_64 | 0.2.4 | 22.00 | 110.00 | 132.00 | OK | |
r-patched-linux-x86_64 | 0.2.4 | 15.45 | 77.06 | 92.51 | OK | |
r-release-linux-x86_64 | 0.2.4 | 15.45 | 77.15 | 92.60 | OK | |
r-release-macos-arm64 | 0.2.4 | 55.00 | OK | |||
r-release-macos-x86_64 | 0.2.4 | 103.00 | OK | |||
r-release-windows-x86_64 | 0.2.4 | 21.00 | 108.00 | 129.00 | OK | |
r-oldrel-macos-arm64 | 0.2.4 | 55.00 | OK | |||
r-oldrel-macos-x86_64 | 0.2.4 | 79.00 | OK | |||
r-oldrel-windows-x86_64 | 0.2.4 | 25.00 | 129.00 | 154.00 | OK |
Version: 0.2.4
Check: CRAN incoming feasibility
Result: NOTE
Maintainer: ‘Jonathan M. Gilligan <jonathan.gilligan@vanderbilt.edu>’
Package CITATION file contains call(s) to old-style personList() or
as.personList(). Please use c() on person objects instead.
Package CITATION file contains call(s) to old-style citEntry(). Please
use bibentry() instead.
Flavors: r-devel-linux-x86_64-debian-clang, r-devel-linux-x86_64-debian-gcc
These binaries (installable software) and packages are in development.
They may not be fully stable and should be used with caution. We make no claims about them.