Last updated on 2025-07-21 15:50:59 CEST.
Flavor | Version | Tinstall | Tcheck | Ttotal | Status | Flags |
---|---|---|---|---|---|---|
r-devel-linux-x86_64-debian-clang | 0.2.4 | 14.15 | 83.90 | 98.05 | NOTE | |
r-devel-linux-x86_64-debian-gcc | 0.2.4 | 11.35 | 56.90 | 68.25 | NOTE | |
r-devel-linux-x86_64-fedora-clang | 0.2.4 | 156.39 | OK | |||
r-devel-linux-x86_64-fedora-gcc | 0.2.4 | 161.91 | OK | |||
r-devel-windows-x86_64 | 0.2.4 | 23.00 | 107.00 | 130.00 | OK | |
r-patched-linux-x86_64 | 0.2.4 | 16.98 | 78.12 | 95.10 | OK | |
r-release-linux-x86_64 | 0.2.4 | 14.15 | 77.32 | 91.47 | OK | |
r-release-macos-arm64 | 0.2.4 | 55.00 | OK | |||
r-release-macos-x86_64 | 0.2.4 | 103.00 | OK | |||
r-release-windows-x86_64 | 0.2.4 | 21.00 | 104.00 | 125.00 | OK | |
r-oldrel-macos-arm64 | 0.2.4 | 55.00 | OK | |||
r-oldrel-macos-x86_64 | 0.2.4 | 79.00 | OK | |||
r-oldrel-windows-x86_64 | 0.2.4 | 25.00 | 129.00 | 154.00 | OK |
Version: 0.2.4
Check: CRAN incoming feasibility
Result: NOTE
Maintainer: ‘Jonathan M. Gilligan <jonathan.gilligan@vanderbilt.edu>’
Package CITATION file contains call(s) to old-style personList() or
as.personList(). Please use c() on person objects instead.
Package CITATION file contains call(s) to old-style citEntry(). Please
use bibentry() instead.
Flavors: r-devel-linux-x86_64-debian-clang, r-devel-linux-x86_64-debian-gcc
These binaries (installable software) and packages are in development.
They may not be fully stable and should be used with caution. We make no claims about them.