CRAN Package Check Results for Package datafsm

Last updated on 2025-11-11 15:50:31 CET.

Flavor Version Tinstall Tcheck Ttotal Status Flags
r-devel-linux-x86_64-debian-clang 0.2.4 15.37 85.07 100.44 NOTE
r-devel-linux-x86_64-debian-gcc 0.2.4 12.67 61.95 74.62 NOTE
r-devel-linux-x86_64-fedora-clang 0.2.4 38.00 128.08 166.08 OK
r-devel-linux-x86_64-fedora-gcc 0.2.4 37.00 126.11 163.11 OK
r-devel-windows-x86_64 0.2.4 23.00 110.00 133.00 OK
r-patched-linux-x86_64 0.2.4 15.31 81.09 96.40 OK
r-release-linux-x86_64 0.2.4 14.64 80.61 95.25 OK
r-release-macos-arm64 0.2.4 7.00 48.00 55.00 OK
r-release-macos-x86_64 0.2.4 13.00 90.00 103.00 OK
r-release-windows-x86_64 0.2.4 19.00 106.00 125.00 OK
r-oldrel-macos-arm64 0.2.4 9.00 46.00 55.00 OK
r-oldrel-macos-x86_64 0.2.4 12.00 67.00 79.00 OK
r-oldrel-windows-x86_64 0.2.4 27.00 133.00 160.00 OK

Check Details

Version: 0.2.4
Check: CRAN incoming feasibility
Result: NOTE Maintainer: ‘Jonathan M. Gilligan <jonathan.gilligan@vanderbilt.edu>’ Package CITATION file contains call(s) to old-style personList() or as.personList(). Please use c() on person objects instead. Package CITATION file contains call(s) to old-style citEntry(). Please use bibentry() instead. Flavors: r-devel-linux-x86_64-debian-clang, r-devel-linux-x86_64-debian-gcc

These binaries (installable software) and packages are in development.
They may not be fully stable and should be used with caution. We make no claims about them.