Last updated on 2025-11-13 17:50:31 CET.
| Flavor | Version | Tinstall | Tcheck | Ttotal | Status | Flags |
|---|---|---|---|---|---|---|
| r-devel-linux-x86_64-debian-clang | 1.1.5 | 41.04 | 113.90 | 154.94 | OK | |
| r-devel-linux-x86_64-debian-gcc | 1.1.5 | 33.29 | 81.31 | 114.60 | OK | |
| r-devel-linux-x86_64-fedora-clang | 1.1.5 | 85.00 | 154.10 | 239.10 | OK | |
| r-devel-linux-x86_64-fedora-gcc | 1.1.5 | 87.00 | 146.80 | 233.80 | OK | |
| r-devel-windows-x86_64 | 1.1.5 | 46.00 | 149.00 | 195.00 | OK | |
| r-patched-linux-x86_64 | 1.1.5 | 45.96 | 106.58 | 152.54 | OK | |
| r-release-linux-x86_64 | 1.1.5 | 42.43 | 107.12 | 149.55 | OK | |
| r-release-macos-arm64 | 1.1.5 | 25.00 | 47.00 | 72.00 | OK | |
| r-release-macos-x86_64 | 1.1.5 | 55.00 | 111.00 | 166.00 | OK | |
| r-release-windows-x86_64 | 1.1.5 | 46.00 | 149.00 | 195.00 | OK | |
| r-oldrel-macos-arm64 | 1.1.5 | 32.00 | 80.00 | 112.00 | NOTE | |
| r-oldrel-macos-x86_64 | 1.1.5 | 52.00 | 100.00 | 152.00 | NOTE | |
| r-oldrel-windows-x86_64 | 1.1.5 | 64.00 | 179.00 | 243.00 | NOTE |
Version: 1.1.5
Check: installed package size
Result: NOTE
installed size is 5.8Mb
sub-directories of 1Mb or more:
data 5.3Mb
Flavors: r-oldrel-macos-arm64, r-oldrel-macos-x86_64, r-oldrel-windows-x86_64
These binaries (installable software) and packages are in development.
They may not be fully stable and should be used with caution. We make no claims about them.