Last updated on 2025-05-07 15:49:13 CEST.
Flavor | Version | Tinstall | Tcheck | Ttotal | Status | Flags |
---|---|---|---|---|---|---|
r-devel-linux-x86_64-debian-clang | 1.0.7 | 48.71 | 79.15 | 127.86 | OK | |
r-devel-linux-x86_64-debian-gcc | 1.0.7 | 34.69 | 55.06 | 89.75 | OK | |
r-devel-linux-x86_64-fedora-clang | 1.0.7 | 220.56 | NOTE | |||
r-devel-linux-x86_64-fedora-gcc | 1.0.7 | 204.14 | NOTE | |||
r-devel-windows-x86_64 | 1.0.7 | 53.00 | 128.00 | 181.00 | OK | |
r-patched-linux-x86_64 | 1.0.7 | 55.82 | 76.23 | 132.05 | OK | |
r-release-linux-x86_64 | 1.0.7 | 49.11 | 76.60 | 125.71 | OK | |
r-release-macos-arm64 | 1.0.7 | 66.00 | OK | |||
r-release-macos-x86_64 | 1.0.7 | 108.00 | OK | |||
r-release-windows-x86_64 | 1.0.7 | 54.00 | 129.00 | 183.00 | OK | |
r-oldrel-macos-arm64 | 1.0.7 | 72.00 | NOTE | |||
r-oldrel-macos-x86_64 | 1.0.7 | 116.00 | NOTE | |||
r-oldrel-windows-x86_64 | 1.0.7 | 70.00 | 150.00 | 220.00 | OK |
Version: 1.0.7
Check: dependencies in R code
Result: NOTE
Namespace in Imports field not imported from: ‘lattice’
All declared Imports should be used.
Flavors: r-devel-linux-x86_64-fedora-clang, r-devel-linux-x86_64-fedora-gcc
Version: 1.0.7
Check: installed package size
Result: NOTE
installed size is 5.3Mb
sub-directories of 1Mb or more:
data 4.8Mb
Flavors: r-oldrel-macos-arm64, r-oldrel-macos-x86_64
These binaries (installable software) and packages are in development.
They may not be fully stable and should be used with caution. We make no claims about them.