CRAN Package Check Results for Package datana

Last updated on 2025-04-16 00:49:38 CEST.

Flavor Version Tinstall Tcheck Ttotal Status Flags
r-devel-linux-x86_64-debian-clang 1.0.6 31.95 59.05 91.00 OK
r-devel-linux-x86_64-debian-gcc 1.0.6 23.99 41.21 65.20 OK
r-devel-linux-x86_64-fedora-clang 1.0.6 144.49 NOTE
r-devel-linux-x86_64-fedora-gcc 1.0.6 148.01 NOTE
r-devel-windows-x86_64 1.0.6 34.00 111.00 145.00 OK
r-patched-linux-x86_64 1.0.6 33.70 58.28 91.98 OK
r-release-linux-x86_64 1.0.6 30.94 57.11 88.05 OK
r-release-macos-arm64 1.0.6 59.00 OK
r-release-macos-x86_64 1.0.6 90.00 OK
r-release-windows-x86_64 1.0.6 34.00 110.00 144.00 OK
r-oldrel-macos-arm64 1.0.6 57.00 OK
r-oldrel-macos-x86_64 1.0.6 77.00 OK
r-oldrel-windows-x86_64 1.0.6 45.00 129.00 174.00 OK

Check Details

Version: 1.0.6
Check: dependencies in R code
Result: NOTE Namespace in Imports field not imported from: ‘lattice’ All declared Imports should be used. Flavors: r-devel-linux-x86_64-fedora-clang, r-devel-linux-x86_64-fedora-gcc

These binaries (installable software) and packages are in development.
They may not be fully stable and should be used with caution. We make no claims about them.