Last updated on 2025-05-01 08:52:30 CEST.
Flavor | Version | Tinstall | Tcheck | Ttotal | Status | Flags |
---|---|---|---|---|---|---|
r-devel-linux-x86_64-debian-clang | 0.1.5 | 3.23 | 70.18 | 73.41 | NOTE | |
r-devel-linux-x86_64-debian-gcc | 0.1.5 | 3.00 | 49.86 | 52.86 | NOTE | |
r-devel-linux-x86_64-fedora-clang | 0.1.5 | 110.44 | OK | |||
r-devel-linux-x86_64-fedora-gcc | 0.1.5 | 116.43 | OK | |||
r-devel-windows-x86_64 | 0.1.5 | 6.00 | 93.00 | 99.00 | OK | |
r-patched-linux-x86_64 | 0.1.5 | 4.78 | 64.30 | 69.08 | OK | |
r-release-linux-x86_64 | OK | |||||
r-release-macos-arm64 | 0.1.5 | 51.00 | OK | |||
r-release-macos-x86_64 | 0.1.5 | 91.00 | OK | |||
r-release-windows-x86_64 | 0.1.5 | 8.00 | 98.00 | 106.00 | OK | |
r-oldrel-macos-arm64 | 0.1.5 | 37.00 | OK | |||
r-oldrel-macos-x86_64 | 0.1.5 | 60.00 | OK | |||
r-oldrel-windows-x86_64 | 0.1.5 | 7.00 | 106.00 | 113.00 | OK |
Version: 0.1.5
Check: CRAN incoming feasibility
Result: NOTE
Maintainer: ‘Chun-Sheng Liang <liangchunsheng@lzu.edu.cn>’
No Authors@R field in DESCRIPTION.
Please add one, modifying
Authors@R: c(person(given = "Chun-Sheng",
family = "Liang",
role = c("aut", "cre"),
email = "liangchunsheng@lzu.edu.cn"),
person(given = "Hao",
family = "Wu",
role = "aut"),
person(given = "Hai-Yan",
family = "Li",
role = "aut"),
person(given = "Qiang",
family = "Zhang",
role = "aut"),
person(given = "Zhanqing",
family = "Li",
role = "aut"),
person(given = "Ke-Bin",
family = "He",
role = "aut"),
person(given = "Lanzhou",
family = "University",
role = "aut"),
person(given = "Tsinghua",
family = "University",
role = "aut"))
as necessary.
Flavors: r-devel-linux-x86_64-debian-clang, r-devel-linux-x86_64-debian-gcc
These binaries (installable software) and packages are in development.
They may not be fully stable and should be used with caution. We make no claims about them.