Last updated on 2025-07-04 19:50:17 CEST.
Flavor | Version | Tinstall | Tcheck | Ttotal | Status | Flags |
---|---|---|---|---|---|---|
r-devel-linux-x86_64-debian-clang | 0.1.5 | 4.39 | 72.03 | 76.42 | NOTE | |
r-devel-linux-x86_64-debian-gcc | 0.1.5 | 2.89 | 51.93 | 54.82 | NOTE | |
r-devel-linux-x86_64-fedora-clang | 0.1.5 | 110.59 | OK | |||
r-devel-linux-x86_64-fedora-gcc | 0.1.5 | 116.52 | OK | |||
r-devel-windows-x86_64 | 0.1.5 | 7.00 | 87.00 | 94.00 | OK | |
r-patched-linux-x86_64 | 0.1.5 | 4.26 | 63.81 | 68.07 | OK | |
r-release-linux-x86_64 | 0.1.5 | 3.88 | 63.88 | 67.76 | OK | |
r-release-macos-arm64 | 0.1.5 | 51.00 | OK | |||
r-release-macos-x86_64 | 0.1.5 | 91.00 | OK | |||
r-release-windows-x86_64 | 0.1.5 | 7.00 | 89.00 | 96.00 | OK | |
r-oldrel-macos-arm64 | 0.1.5 | 37.00 | OK | |||
r-oldrel-macos-x86_64 | 0.1.5 | 60.00 | OK | |||
r-oldrel-windows-x86_64 | 0.1.5 | 7.00 | 104.00 | 111.00 | OK |
Version: 0.1.5
Check: CRAN incoming feasibility
Result: NOTE
Maintainer: ‘Chun-Sheng Liang <liangchunsheng@lzu.edu.cn>’
No Authors@R field in DESCRIPTION.
Please add one, modifying
Authors@R: c(person(given = "Chun-Sheng",
family = "Liang",
role = c("aut", "cre"),
email = "liangchunsheng@lzu.edu.cn"),
person(given = "Hao",
family = "Wu",
role = "aut"),
person(given = "Hai-Yan",
family = "Li",
role = "aut"),
person(given = "Qiang",
family = "Zhang",
role = "aut"),
person(given = "Zhanqing",
family = "Li",
role = "aut"),
person(given = "Ke-Bin",
family = "He",
role = "aut"),
person(given = "Lanzhou",
family = "University",
role = "aut"),
person(given = "Tsinghua",
family = "University",
role = "aut"))
as necessary.
Flavors: r-devel-linux-x86_64-debian-clang, r-devel-linux-x86_64-debian-gcc
These binaries (installable software) and packages are in development.
They may not be fully stable and should be used with caution. We make no claims about them.