Last updated on 2025-10-23 11:50:11 CEST.
Flavor | Version | Tinstall | Tcheck | Ttotal | Status | Flags |
---|---|---|---|---|---|---|
r-devel-linux-x86_64-debian-clang | 0.0.5 | 3.12 | 36.39 | 39.51 | NOTE | |
r-devel-linux-x86_64-debian-gcc | 0.0.5 | 2.13 | 26.98 | 29.11 | NOTE | |
r-devel-linux-x86_64-fedora-clang | 0.0.5 | 58.31 | NOTE | |||
r-devel-linux-x86_64-fedora-gcc | 0.0.5 | 54.84 | NOTE | |||
r-devel-windows-x86_64 | 0.0.5 | 6.00 | 51.00 | 57.00 | NOTE | |
r-patched-linux-x86_64 | 0.0.5 | 3.64 | 32.62 | 36.26 | NOTE | |
r-release-linux-x86_64 | 0.0.5 | 3.55 | 32.39 | 35.94 | NOTE | |
r-release-macos-arm64 | 0.0.5 | 3.00 | 24.00 | 27.00 | NOTE | |
r-release-macos-x86_64 | 0.0.5 | 3.00 | 39.00 | 42.00 | NOTE | |
r-release-windows-x86_64 | 0.0.5 | 6.00 | 53.00 | 59.00 | NOTE | |
r-oldrel-macos-arm64 | 0.0.5 | 2.00 | 22.00 | 24.00 | OK | |
r-oldrel-macos-x86_64 | 0.0.5 | 5.00 | 48.00 | 53.00 | OK | |
r-oldrel-windows-x86_64 | 0.0.5 | 7.00 | 62.00 | 69.00 | OK |
Version: 0.0.5
Check: DESCRIPTION meta-information
Result: NOTE
Missing dependency on R >= 4.1.0 because package code uses the pipe
|> or function shorthand \(...) syntax added in R 4.1.0.
File(s) using such syntax:
‘drwho_directors.Rd’ ‘drwho_episodes.Rd’ ‘drwho_writers.Rd’
‘torchwood_directors.Rd’ ‘torchwood_episodes.Rd’
‘torchwood_writers.Rd’
Flavors: r-devel-linux-x86_64-debian-clang, r-devel-linux-x86_64-debian-gcc, r-devel-linux-x86_64-fedora-clang, r-devel-linux-x86_64-fedora-gcc, r-devel-windows-x86_64, r-patched-linux-x86_64, r-release-linux-x86_64, r-release-macos-arm64, r-release-macos-x86_64, r-release-windows-x86_64
These binaries (installable software) and packages are in development.
They may not be fully stable and should be used with caution. We make no claims about them.