Last updated on 2025-02-16 10:50:44 CET.
Flavor | Version | Tinstall | Tcheck | Ttotal | Status | Flags |
---|---|---|---|---|---|---|
r-devel-linux-x86_64-debian-clang | 0.0.2 | 2.24 | 24.18 | 26.42 | NOTE | |
r-devel-linux-x86_64-debian-gcc | 0.0.2 | 1.64 | 18.80 | 20.44 | NOTE | |
r-devel-linux-x86_64-fedora-clang | 0.0.2 | 46.19 | OK | |||
r-devel-linux-x86_64-fedora-gcc | 0.0.2 | 53.48 | OK | |||
r-devel-macos-arm64 | 0.0.2 | 26.00 | OK | |||
r-devel-macos-x86_64 | 0.0.2 | 45.00 | OK | |||
r-devel-windows-x86_64 | 0.0.2 | 3.00 | 52.00 | 55.00 | NOTE | |
r-patched-linux-x86_64 | 0.0.2 | 6.32 | 22.83 | 29.15 | OK | |
r-release-linux-x86_64 | 0.0.2 | 2.39 | 23.03 | 25.42 | OK | |
r-release-macos-arm64 | 0.0.2 | 25.00 | OK | |||
r-release-macos-x86_64 | 0.0.2 | 35.00 | OK | |||
r-release-windows-x86_64 | 0.0.2 | 3.00 | 48.00 | 51.00 | OK | |
r-oldrel-macos-arm64 | 0.0.2 | 25.00 | OK | |||
r-oldrel-macos-x86_64 | 0.0.2 | 33.00 | OK | |||
r-oldrel-windows-x86_64 | 0.0.2 | 4.00 | 77.00 | 81.00 | OK |
Version: 0.0.2
Check: Rd cross-references
Result: NOTE
Found the following Rd file(s) with Rd \link{} targets missing package
anchors:
dataStepClass.Rd: R6Class
Please provide package anchors for all Rd \link{} targets not in the
package itself and the base packages.
Flavors: r-devel-linux-x86_64-debian-clang, r-devel-linux-x86_64-debian-gcc, r-devel-windows-x86_64
These binaries (installable software) and packages are in development.
They may not be fully stable and should be used with caution. We make no claims about them.