Last updated on 2025-02-16 10:50:44 CET.
Flavor | Version | Tinstall | Tcheck | Ttotal | Status | Flags |
---|---|---|---|---|---|---|
r-devel-linux-x86_64-debian-clang | 0.1.8 | 1.89 | 29.29 | 31.18 | OK | |
r-devel-linux-x86_64-debian-gcc | 0.1.8 | 1.65 | 22.44 | 24.09 | OK | |
r-devel-linux-x86_64-fedora-clang | 0.1.8 | 53.99 | OK | |||
r-devel-linux-x86_64-fedora-gcc | 0.1.8 | 47.03 | OK | |||
r-devel-macos-arm64 | 0.1.8 | 19.00 | OK | |||
r-devel-macos-x86_64 | 0.1.8 | 38.00 | OK | |||
r-devel-windows-x86_64 | 0.1.8 | 2.00 | 58.00 | 60.00 | OK | |
r-patched-linux-x86_64 | 0.1.8 | 1.85 | 27.27 | 29.12 | OK | |
r-release-linux-x86_64 | 0.1.8 | 1.92 | 27.46 | 29.38 | OK | |
r-release-macos-arm64 | 0.1.8 | 26.00 | OK | |||
r-release-macos-x86_64 | 0.1.8 | 48.00 | NOTE | |||
r-release-windows-x86_64 | 0.1.8 | 3.00 | 59.00 | 62.00 | OK | |
r-oldrel-macos-arm64 | 0.1.8 | 27.00 | OK | |||
r-oldrel-macos-x86_64 | 0.1.8 | 52.00 | OK | |||
r-oldrel-windows-x86_64 | 0.1.8 | 5.00 | 57.00 | 62.00 | OK |
Version: 0.1.8
Check: package dependencies
Result: NOTE
Package suggested but not available for checking: ‘arrow’
Flavor: r-release-macos-x86_64
Version: 0.1.8
Check: Rd cross-references
Result: NOTE
Package unavailable to check Rd xrefs: ‘arrow’
Flavor: r-release-macos-x86_64
These binaries (installable software) and packages are in development.
They may not be fully stable and should be used with caution. We make no claims about them.