Last updated on 2025-10-03 05:53:29 CEST.
Flavor | Version | Tinstall | Tcheck | Ttotal | Status | Flags |
---|---|---|---|---|---|---|
r-devel-linux-x86_64-debian-clang | 2.0.0 | 121.65 | 48.36 | 170.01 | OK | |
r-devel-linux-x86_64-debian-gcc | 2.0.0 | 96.19 | 38.10 | 134.29 | OK | |
r-devel-linux-x86_64-fedora-clang | 2.0.0 | 268.96 | OK | |||
r-devel-linux-x86_64-fedora-gcc | 2.0.0 | 291.71 | OK | |||
r-devel-windows-x86_64 | 2.0.0 | 119.00 | 99.00 | 218.00 | OK | |
r-patched-linux-x86_64 | 2.0.0 | 125.07 | 44.60 | 169.67 | OK | |
r-release-linux-x86_64 | 2.0.0 | 125.25 | 44.75 | 170.00 | OK | |
r-release-macos-arm64 | 2.0.0 | 77.00 | OK | |||
r-release-macos-x86_64 | 2.0.0 | 177.00 | OK | |||
r-release-windows-x86_64 | 2.0.0 | 115.00 | 99.00 | 214.00 | OK | |
r-oldrel-macos-arm64 | 2.0.0 | 78.00 | NOTE | |||
r-oldrel-macos-x86_64 | 2.0.0 | 183.00 | NOTE | |||
r-oldrel-windows-x86_64 | 2.0.0 | 137.00 | 122.00 | 259.00 | OK |
Version: 2.0.0
Check: installed package size
Result: NOTE
installed size is 6.8Mb
sub-directories of 1Mb or more:
libs 5.8Mb
Flavors: r-oldrel-macos-arm64, r-oldrel-macos-x86_64
These binaries (installable software) and packages are in development.
They may not be fully stable and should be used with caution. We make no claims about them.