Last updated on 2025-02-19 16:50:45 CET.
Flavor | Version | Tinstall | Tcheck | Ttotal | Status | Flags |
---|---|---|---|---|---|---|
r-devel-linux-x86_64-debian-clang | 1.2.7 | 4.52 | 64.24 | 68.76 | OK | |
r-devel-linux-x86_64-debian-gcc | 1.2.7 | 2.93 | 40.55 | 43.48 | OK | |
r-devel-linux-x86_64-fedora-clang | 1.2.7 | 111.15 | OK | |||
r-devel-linux-x86_64-fedora-gcc | 1.2.7 | 120.47 | OK | |||
r-devel-macos-arm64 | 1.2.7 | 34.00 | OK | |||
r-devel-macos-x86_64 | 1.2.7 | 96.00 | OK | |||
r-devel-windows-x86_64 | 1.2.7 | 6.00 | 90.00 | 96.00 | OK | |
r-patched-linux-x86_64 | 1.2.7 | 4.26 | 60.96 | 65.22 | OK | |
r-release-linux-x86_64 | 1.2.7 | 3.61 | 60.76 | 64.37 | OK | |
r-release-macos-arm64 | 1.2.7 | 51.00 | OK | |||
r-release-macos-x86_64 | 1.2.7 | 111.00 | OK | |||
r-release-windows-x86_64 | 1.2.7 | 6.00 | 3.00 | 9.00 | FAIL | |
r-oldrel-macos-arm64 | 1.2.7 | 55.00 | OK | |||
r-oldrel-macos-x86_64 | 1.2.7 | 87.00 | OK | |||
r-oldrel-windows-x86_64 | 1.2.7 | 9.00 | 95.00 | 104.00 | OK |
Version: 1.2.7
Check: package dependencies
Result: FAIL
Flavor: r-release-windows-x86_64
These binaries (installable software) and packages are in development.
They may not be fully stable and should be used with caution. We make no claims about them.