CRAN Package Check Results for Package dbGaPCheckup

Last updated on 2025-05-08 04:52:02 CEST.

Flavor Version Tinstall Tcheck Ttotal Status Flags
r-devel-linux-x86_64-debian-clang 1.1.0 11.27 125.61 136.88 NOTE
r-devel-linux-x86_64-debian-gcc 1.1.0 7.44 87.04 94.48 NOTE
r-devel-linux-x86_64-fedora-clang 1.1.0 222.26 NOTE
r-devel-linux-x86_64-fedora-gcc 1.1.0 224.16 NOTE
r-devel-windows-x86_64 1.1.0 14.00 138.00 152.00 NOTE
r-patched-linux-x86_64 1.1.0 10.20 117.21 127.41 NOTE
r-release-linux-x86_64 1.1.0 9.21 116.59 125.80 NOTE
r-release-macos-arm64 1.1.0 70.00 NOTE
r-release-macos-x86_64 1.1.0 116.00 NOTE
r-release-windows-x86_64 1.1.0 12.00 136.00 148.00 NOTE
r-oldrel-macos-arm64 1.1.0 56.00 NOTE
r-oldrel-macos-x86_64 1.1.0 93.00 NOTE
r-oldrel-windows-x86_64 1.1.0 16.00 167.00 183.00 NOTE

Check Details

Version: 1.1.0
Check: Rd files
Result: NOTE checkRd: (-1) value_missing_table.Rd:19: Lost braces in \itemize; \value handles \item{}{} directly checkRd: (-1) value_missing_table.Rd:20: Lost braces in \itemize; \value handles \item{}{} directly Flavors: r-devel-linux-x86_64-debian-clang, r-devel-linux-x86_64-debian-gcc, r-devel-linux-x86_64-fedora-clang, r-devel-linux-x86_64-fedora-gcc, r-devel-windows-x86_64, r-patched-linux-x86_64, r-release-linux-x86_64, r-release-macos-arm64, r-release-macos-x86_64, r-release-windows-x86_64, r-oldrel-macos-arm64, r-oldrel-macos-x86_64, r-oldrel-windows-x86_64

These binaries (installable software) and packages are in development.
They may not be fully stable and should be used with caution. We make no claims about them.