Last updated on 2025-11-12 12:53:07 CET.
| Flavor | Version | Tinstall | Tcheck | Ttotal | Status | Flags |
|---|---|---|---|---|---|---|
| r-devel-linux-x86_64-debian-clang | 1.1.0 | 10.20 | 141.40 | 151.60 | NOTE | |
| r-devel-linux-x86_64-debian-gcc | 1.1.0 | 8.64 | 97.14 | 105.78 | NOTE | |
| r-devel-linux-x86_64-fedora-clang | 1.1.0 | 27.00 | 204.56 | 231.56 | NOTE | |
| r-devel-linux-x86_64-fedora-gcc | 1.1.0 | 23.00 | 206.83 | 229.83 | NOTE | |
| r-devel-windows-x86_64 | 1.1.0 | 15.00 | 145.00 | 160.00 | NOTE | |
| r-patched-linux-x86_64 | 1.1.0 | 10.65 | 127.79 | 138.44 | NOTE | |
| r-release-linux-x86_64 | 1.1.0 | 11.61 | 130.03 | 141.64 | NOTE | |
| r-release-macos-arm64 | 1.1.0 | 5.00 | 65.00 | 70.00 | NOTE | |
| r-release-macos-x86_64 | 1.1.0 | 8.00 | 108.00 | 116.00 | NOTE | |
| r-release-windows-x86_64 | 1.1.0 | 13.00 | 145.00 | 158.00 | NOTE | |
| r-oldrel-macos-arm64 | 1.1.0 | 4.00 | 52.00 | 56.00 | NOTE | |
| r-oldrel-macos-x86_64 | 1.1.0 | 7.00 | 86.00 | 93.00 | NOTE | |
| r-oldrel-windows-x86_64 | 1.1.0 | 20.00 | 184.00 | 204.00 | NOTE |
Version: 1.1.0
Check: Rd files
Result: NOTE
checkRd: (-1) value_missing_table.Rd:19: Lost braces in \itemize; \value handles \item{}{} directly
checkRd: (-1) value_missing_table.Rd:20: Lost braces in \itemize; \value handles \item{}{} directly
Flavors: r-devel-linux-x86_64-debian-clang, r-devel-linux-x86_64-debian-gcc, r-devel-linux-x86_64-fedora-clang, r-devel-linux-x86_64-fedora-gcc, r-devel-windows-x86_64, r-patched-linux-x86_64, r-release-linux-x86_64, r-release-macos-arm64, r-release-macos-x86_64, r-release-windows-x86_64, r-oldrel-macos-arm64, r-oldrel-macos-x86_64, r-oldrel-windows-x86_64
These binaries (installable software) and packages are in development.
They may not be fully stable and should be used with caution. We make no claims about them.