Last updated on 2025-10-23 11:50:11 CEST.
Flavor | Version | Tinstall | Tcheck | Ttotal | Status | Flags |
---|---|---|---|---|---|---|
r-devel-linux-x86_64-debian-clang | 1.1.0 | 12.71 | 142.18 | 154.89 | NOTE | |
r-devel-linux-x86_64-debian-gcc | 1.1.0 | 8.06 | 96.02 | 104.08 | NOTE | |
r-devel-linux-x86_64-fedora-clang | 1.1.0 | 67.00 | 172.63 | 239.63 | NOTE | |
r-devel-linux-x86_64-fedora-gcc | 1.1.0 | 50.00 | 195.83 | 245.83 | NOTE | |
r-devel-windows-x86_64 | 1.1.0 | 14.00 | 145.00 | 159.00 | NOTE | |
r-patched-linux-x86_64 | 1.1.0 | 12.56 | 128.89 | 141.45 | NOTE | |
r-release-linux-x86_64 | 1.1.0 | 10.10 | 129.20 | 139.30 | NOTE | |
r-release-macos-arm64 | 1.1.0 | 5.00 | 65.00 | 70.00 | NOTE | |
r-release-macos-x86_64 | 1.1.0 | 8.00 | 108.00 | 116.00 | NOTE | |
r-release-windows-x86_64 | 1.1.0 | 12.00 | 143.00 | 155.00 | NOTE | |
r-oldrel-macos-arm64 | 1.1.0 | 4.00 | 52.00 | 56.00 | NOTE | |
r-oldrel-macos-x86_64 | 1.1.0 | 7.00 | 86.00 | 93.00 | NOTE | |
r-oldrel-windows-x86_64 | 1.1.0 | 19.00 | 186.00 | 205.00 | NOTE |
Version: 1.1.0
Check: Rd files
Result: NOTE
checkRd: (-1) value_missing_table.Rd:19: Lost braces in \itemize; \value handles \item{}{} directly
checkRd: (-1) value_missing_table.Rd:20: Lost braces in \itemize; \value handles \item{}{} directly
Flavors: r-devel-linux-x86_64-debian-clang, r-devel-linux-x86_64-debian-gcc, r-devel-linux-x86_64-fedora-clang, r-devel-linux-x86_64-fedora-gcc, r-devel-windows-x86_64, r-patched-linux-x86_64, r-release-linux-x86_64, r-release-macos-arm64, r-release-macos-x86_64, r-release-windows-x86_64, r-oldrel-macos-arm64, r-oldrel-macos-x86_64, r-oldrel-windows-x86_64
These binaries (installable software) and packages are in development.
They may not be fully stable and should be used with caution. We make no claims about them.