CRAN Package Check Results for Package dbWebForms

Last updated on 2025-02-16 10:50:44 CET.

Flavor Version Tinstall Tcheck Ttotal Status Flags
r-devel-linux-x86_64-debian-clang 0.1.0 2.39 25.93 28.32 OK
r-devel-linux-x86_64-debian-gcc 0.1.0 1.91 19.25 21.16 OK
r-devel-linux-x86_64-fedora-clang 0.1.0 48.95 NOTE
r-devel-linux-x86_64-fedora-gcc 0.1.0 43.00 NOTE
r-devel-macos-arm64 0.1.0 18.00 OK
r-devel-macos-x86_64 0.1.0 43.00 OK
r-devel-windows-x86_64 0.1.0 3.00 47.00 50.00 OK
r-patched-linux-x86_64 0.1.0 2.65 24.14 26.79 NOTE
r-release-linux-x86_64 0.1.0 2.63 24.22 26.85 NOTE
r-release-macos-arm64 0.1.0 19.00 NOTE
r-release-macos-x86_64 0.1.0 28.00 NOTE
r-release-windows-x86_64 0.1.0 3.00 55.00 58.00 NOTE
r-oldrel-macos-arm64 0.1.0 20.00 NOTE
r-oldrel-macos-x86_64 0.1.0 27.00 NOTE
r-oldrel-windows-x86_64 0.1.0 3.00 72.00 75.00 NOTE

Check Details

Version: 0.1.0
Check: dependencies in R code
Result: NOTE Namespace in Imports field not imported from: ‘html5’ All declared Imports should be used. Flavors: r-devel-linux-x86_64-fedora-clang, r-devel-linux-x86_64-fedora-gcc

Version: 0.1.0
Check: LazyData
Result: NOTE 'LazyData' is specified without a 'data' directory Flavors: r-patched-linux-x86_64, r-release-linux-x86_64, r-release-macos-arm64, r-release-macos-x86_64, r-release-windows-x86_64, r-oldrel-macos-arm64, r-oldrel-macos-x86_64, r-oldrel-windows-x86_64

These binaries (installable software) and packages are in development.
They may not be fully stable and should be used with caution. We make no claims about them.