Last updated on 2025-05-29 13:49:02 CEST.
Flavor | Version | Tinstall | Tcheck | Ttotal | Status | Flags |
---|---|---|---|---|---|---|
r-devel-linux-x86_64-debian-clang | 0.9-32 | 45.80 | 140.91 | 186.71 | OK | |
r-devel-linux-x86_64-debian-gcc | 0.9-32 | 33.06 | 93.09 | 126.15 | OK | |
r-devel-linux-x86_64-fedora-clang | 0.9-32 | 336.06 | OK | |||
r-devel-linux-x86_64-fedora-gcc | 0.9-32 | 323.11 | OK | |||
r-devel-windows-x86_64 | 0.9-32 | 72.00 | 183.00 | 255.00 | OK | |
r-patched-linux-x86_64 | 0.9-32 | 43.48 | 125.26 | 168.74 | OK | |
r-release-linux-x86_64 | 0.9-32 | 42.52 | 127.12 | 169.64 | OK | |
r-release-macos-arm64 | 0.9-32 | 121.00 | OK | |||
r-release-macos-x86_64 | 0.9-32 | 306.00 | OK | |||
r-release-windows-x86_64 | 0.9-32 | 70.00 | 191.00 | 261.00 | OK | |
r-oldrel-macos-arm64 | 0.9-32 | 105.00 | NOTE | |||
r-oldrel-macos-x86_64 | 0.9-32 | 309.00 | OK | |||
r-oldrel-windows-x86_64 | 0.9-32 | 70.00 | 222.00 | 292.00 | OK |
Version: 0.9-32
Check: package vignettes
Result: NOTE
Package has ‘vignettes’ subdirectory but apparently no vignettes.
Perhaps the ‘VignetteBuilder’ information is missing from the
DESCRIPTION file?
Flavor: r-oldrel-macos-arm64
These binaries (installable software) and packages are in development.
They may not be fully stable and should be used with caution. We make no claims about them.