Last updated on 2025-04-16 00:49:38 CEST.
Flavor | Version | Tinstall | Tcheck | Ttotal | Status | Flags |
---|---|---|---|---|---|---|
r-devel-linux-x86_64-debian-clang | 0.9-32 | 47.33 | 142.30 | 189.63 | OK | |
r-devel-linux-x86_64-debian-gcc | 0.9-32 | 32.73 | 92.42 | 125.15 | OK | |
r-devel-linux-x86_64-fedora-clang | 0.9-32 | 334.66 | OK | |||
r-devel-linux-x86_64-fedora-gcc | 0.9-32 | 336.61 | OK | |||
r-devel-windows-x86_64 | 0.9-32 | 70.00 | 180.00 | 250.00 | OK | |
r-patched-linux-x86_64 | 0.9-32 | 44.67 | 125.92 | 170.59 | OK | |
r-release-linux-x86_64 | 0.9-32 | 43.95 | 129.59 | 173.54 | OK | |
r-release-macos-arm64 | 0.9-32 | 121.00 | OK | |||
r-release-macos-x86_64 | 0.9-32 | 306.00 | OK | |||
r-release-windows-x86_64 | 0.9-32 | 72.00 | 178.00 | 250.00 | OK | |
r-oldrel-macos-arm64 | 0.9-32 | 105.00 | NOTE | |||
r-oldrel-macos-x86_64 | 0.9-32 | 309.00 | OK | |||
r-oldrel-windows-x86_64 | 0.9-32 | 72.00 | 223.00 | 295.00 | OK |
Version: 0.9-32
Check: package vignettes
Result: NOTE
Package has ‘vignettes’ subdirectory but apparently no vignettes.
Perhaps the ‘VignetteBuilder’ information is missing from the
DESCRIPTION file?
Flavor: r-oldrel-macos-arm64
These binaries (installable software) and packages are in development.
They may not be fully stable and should be used with caution. We make no claims about them.