Last updated on 2025-02-02 14:48:20 CET.
Flavor | Version | Tinstall | Tcheck | Ttotal | Status | Flags |
---|---|---|---|---|---|---|
r-devel-linux-x86_64-debian-clang | 0.9-30 | 45.32 | 145.30 | 190.62 | NOTE | |
r-devel-linux-x86_64-debian-gcc | 0.9-30 | 33.31 | 89.44 | 122.75 | NOTE | |
r-devel-linux-x86_64-fedora-clang | 0.9-30 | 367.68 | NOTE | |||
r-devel-linux-x86_64-fedora-gcc | 0.9-30 | 335.90 | NOTE | |||
r-devel-windows-x86_64 | 0.9-30 | 63.00 | 177.00 | 240.00 | OK | |
r-patched-linux-x86_64 | 0.9-30 | 43.89 | 125.54 | 169.43 | OK | |
r-release-linux-x86_64 | 0.9-30 | 43.75 | 127.06 | 170.81 | OK | |
r-release-macos-arm64 | 0.9-30 | 100.00 | OK | |||
r-release-macos-x86_64 | 0.9-30 | 263.00 | OK | |||
r-release-windows-x86_64 | 0.9-30 | 71.00 | 177.00 | 248.00 | OK | |
r-oldrel-macos-arm64 | 0.9-30 | 115.00 | OK | |||
r-oldrel-macos-x86_64 | 0.9-30 | 264.00 | OK | |||
r-oldrel-windows-x86_64 | 0.9-30 | 67.00 | 200.00 | 267.00 | OK |
Version: 0.9-30
Check: top-level files
Result: NOTE
possible bashism in configure.ac line 158 (should be 'b = a'):
if test "$ac_cv_header_cstdint" == no; then
Flavors: r-devel-linux-x86_64-debian-clang, r-devel-linux-x86_64-debian-gcc, r-devel-linux-x86_64-fedora-clang, r-devel-linux-x86_64-fedora-gcc
These binaries (installable software) and packages are in development.
They may not be fully stable and should be used with caution. We make no claims about them.