Last updated on 2025-05-01 12:49:25 CEST.
Flavor | Version | Tinstall | Tcheck | Ttotal | Status | Flags |
---|---|---|---|---|---|---|
r-devel-linux-x86_64-debian-clang | 0.0.2.1 | 23.69 | 180.48 | 204.17 | NOTE | |
r-devel-linux-x86_64-debian-gcc | 0.0.2.1 | 16.45 | 132.47 | 148.92 | NOTE | |
r-devel-linux-x86_64-fedora-clang | 0.0.2.1 | 314.40 | OK | |||
r-devel-linux-x86_64-fedora-gcc | 0.0.2.1 | 303.64 | OK | |||
r-devel-windows-x86_64 | 0.0.2.1 | 22.00 | 173.00 | 195.00 | NOTE | |
r-patched-linux-x86_64 | 0.0.2.1 | 21.80 | 173.61 | 195.41 | NOTE | |
r-release-linux-x86_64 | NOTE | |||||
r-release-macos-arm64 | 0.0.2.1 | 143.00 | OK | |||
r-release-macos-x86_64 | 0.0.2.1 | 157.00 | OK | |||
r-release-windows-x86_64 | 0.0.2.1 | 23.00 | 184.00 | 207.00 | NOTE | |
r-oldrel-macos-arm64 | 0.0.2.1 | 118.00 | OK | |||
r-oldrel-macos-x86_64 | 0.0.2.1 | 126.00 | OK | |||
r-oldrel-windows-x86_64 | 0.0.2.1 | 28.00 | 193.00 | 221.00 | OK |
Version: 0.0.2.1
Check: Rd cross-references
Result: NOTE
Found the following Rd file(s) with Rd \link{} targets missing package
anchors:
dbcsp-class.Rd: TSDatabaseDistances, parallelDist
predict.dbcsp.Rd: predict.lda
Please provide package anchors for all Rd \link{} targets not in the
package itself and the base packages.
Flavors: r-devel-linux-x86_64-debian-clang, r-devel-linux-x86_64-debian-gcc, r-devel-windows-x86_64, r-patched-linux-x86_64, r-release-linux-x86_64, r-release-windows-x86_64
Version: 0.0.2.1
Check: examples
Result: NOTE
Examples with CPU (user + system) or elapsed time > 5s
user system elapsed
dbcsp-package 5.523 0.501 6.313
predict.dbcsp 5.136 0.550 6.408
train.dbcsp 4.915 0.550 5.950
Flavor: r-devel-linux-x86_64-debian-clang
Version: 0.0.2.1
Check: examples
Result: NA
user system elapsed
dbcsp-package 3.177 0.519 5.948
predict.dbcsp 2.874 0.590 5.117
OK
Flavor: r-devel-linux-x86_64-debian-gcc
These binaries (installable software) and packages are in development.
They may not be fully stable and should be used with caution. We make no claims about them.