CRAN Package Check Results for Package dbd

Last updated on 2025-11-07 11:51:30 CET.

Flavor Version Tinstall Tcheck Ttotal Status Flags
r-devel-linux-x86_64-debian-clang 0.0-22 3.23 49.93 53.16 NOTE
r-devel-linux-x86_64-debian-gcc 0.0-22 2.22 34.21 36.43 NOTE
r-devel-linux-x86_64-fedora-clang 0.0-22 82.38 NOTE
r-devel-linux-x86_64-fedora-gcc 0.0-22 77.30 NOTE
r-devel-windows-x86_64 0.0-22 4.00 71.00 75.00 NOTE
r-patched-linux-x86_64 0.0-22 4.25 46.38 50.63 NOTE
r-release-linux-x86_64 0.0-22 2.94 46.76 49.70 NOTE
r-release-macos-arm64 0.0-22 1.00 22.00 23.00 NOTE
r-release-macos-x86_64 0.0-22 2.00 62.00 64.00 NOTE
r-release-windows-x86_64 0.0-22 5.00 70.00 75.00 NOTE
r-oldrel-macos-arm64 0.0-22 2.00 20.00 22.00 NOTE
r-oldrel-macos-x86_64 0.0-22 3.00 34.00 37.00 NOTE
r-oldrel-windows-x86_64 0.0-22 4.00 81.00 85.00 NOTE

Check Details

Version: 0.0-22
Check: CRAN incoming feasibility
Result: NOTE Maintainer: ‘Rolf Turner <r.turner@auckland.ac.nz>’ No Authors@R field in DESCRIPTION. Please add one, modifying Authors@R: person(given = "Rolf", family = "Turner", role = c("aut", "cre"), email = "r.turner@auckland.ac.nz") as necessary. Flavors: r-devel-linux-x86_64-debian-clang, r-devel-linux-x86_64-debian-gcc

Version: 0.0-22
Check: Rd files
Result: NOTE checkRd: (-1) plot.mleBb.Rd:48: Lost braces 48 | \ code{size} is extracted from argument \code{x}. | ^ Flavors: r-devel-linux-x86_64-debian-clang, r-devel-linux-x86_64-debian-gcc, r-devel-linux-x86_64-fedora-clang, r-devel-linux-x86_64-fedora-gcc, r-devel-windows-x86_64, r-patched-linux-x86_64, r-release-linux-x86_64, r-release-macos-arm64, r-release-macos-x86_64, r-release-windows-x86_64, r-oldrel-macos-arm64, r-oldrel-macos-x86_64, r-oldrel-windows-x86_64

These binaries (installable software) and packages are in development.
They may not be fully stable and should be used with caution. We make no claims about them.