CRAN Package Check Results for Package dbglm

Last updated on 2025-10-25 01:50:56 CEST.

Flavor Version Tinstall Tcheck Ttotal Status Flags
r-devel-linux-x86_64-debian-clang 1.0.0 5.96 49.43 55.39 OK
r-devel-linux-x86_64-debian-gcc 1.0.0 4.53 36.18 40.71 OK
r-devel-linux-x86_64-fedora-clang 1.0.0 15.00 68.08 83.08 NOTE
r-devel-linux-x86_64-fedora-gcc 1.0.0 13.00 67.12 80.12 NOTE
r-devel-windows-x86_64 1.0.0 7.00 67.00 74.00 OK
r-patched-linux-x86_64 1.0.0 4.92 46.83 51.75 OK
r-release-linux-x86_64 1.0.0 4.89 46.45 51.34 OK
r-release-macos-arm64 1.0.0 3.00 25.00 28.00 OK
r-release-macos-x86_64 1.0.0 5.00 46.00 51.00 OK
r-release-windows-x86_64 1.0.0 7.00 69.00 76.00 OK
r-oldrel-macos-arm64 1.0.0 3.00 25.00 28.00 OK
r-oldrel-macos-x86_64 1.0.0 4.00 39.00 43.00 OK
r-oldrel-windows-x86_64 1.0.0 10.00 80.00 90.00 OK

Check Details

Version: 1.0.0
Check: dependencies in R code
Result: NOTE Namespaces in Imports field not imported from: ‘knitr’ ‘tidyverse’ ‘vctrs’ All declared Imports should be used. Flavors: r-devel-linux-x86_64-fedora-clang, r-devel-linux-x86_64-fedora-gcc

These binaries (installable software) and packages are in development.
They may not be fully stable and should be used with caution. We make no claims about them.