CRAN Package Check Results for Package dbglm

Last updated on 2025-07-16 18:50:29 CEST.

Flavor Version Tinstall Tcheck Ttotal Status Flags
r-devel-linux-x86_64-debian-clang 1.0.0 6.10 48.39 54.49 OK
r-devel-linux-x86_64-debian-gcc 1.0.0 3.08 36.00 39.08 OK
r-devel-linux-x86_64-fedora-clang 1.0.0 84.74 NOTE
r-devel-linux-x86_64-fedora-gcc 1.0.0 81.56 NOTE
r-devel-windows-x86_64 1.0.0 7.00 67.00 74.00 OK
r-patched-linux-x86_64 1.0.0 5.63 44.90 50.53 OK
r-release-linux-x86_64 1.0.0 5.69 44.48 50.17 OK
r-release-macos-arm64 1.0.0 28.00 OK
r-release-macos-x86_64 1.0.0 51.00 OK
r-release-windows-x86_64 1.0.0 8.00 68.00 76.00 OK
r-oldrel-macos-arm64 1.0.0 28.00 OK
r-oldrel-macos-x86_64 1.0.0 43.00 OK
r-oldrel-windows-x86_64 1.0.0 10.00 77.00 87.00 OK

Check Details

Version: 1.0.0
Check: dependencies in R code
Result: NOTE Namespaces in Imports field not imported from: ‘knitr’ ‘tidyverse’ ‘vctrs’ All declared Imports should be used. Flavors: r-devel-linux-x86_64-fedora-clang, r-devel-linux-x86_64-fedora-gcc

These binaries (installable software) and packages are in development.
They may not be fully stable and should be used with caution. We make no claims about them.