Last updated on 2025-11-11 15:50:31 CET.
| Flavor | Version | Tinstall | Tcheck | Ttotal | Status | Flags |
|---|---|---|---|---|---|---|
| r-devel-linux-x86_64-debian-clang | 0.1.0 | 7.27 | 58.90 | 66.17 | NOTE | |
| r-devel-linux-x86_64-debian-gcc | 0.1.0 | 4.55 | 43.34 | 47.89 | NOTE | |
| r-devel-linux-x86_64-fedora-clang | 0.1.0 | 18.00 | 77.87 | 95.87 | OK | |
| r-devel-linux-x86_64-fedora-gcc | 0.1.0 | 15.00 | 74.68 | 89.68 | OK | |
| r-devel-windows-x86_64 | 0.1.0 | 7.00 | 65.00 | 72.00 | OK | |
| r-patched-linux-x86_64 | 0.1.0 | 5.95 | 56.23 | 62.18 | OK | |
| r-release-linux-x86_64 | 0.1.0 | 6.00 | 53.81 | 59.81 | OK | |
| r-release-macos-arm64 | 0.1.0 | 4.00 | 27.00 | 31.00 | OK | |
| r-release-macos-x86_64 | 0.1.0 | 6.00 | 46.00 | 52.00 | OK | |
| r-release-windows-x86_64 | 0.1.0 | 7.00 | 63.00 | 70.00 | OK | |
| r-oldrel-macos-arm64 | 0.1.0 | 3.00 | 26.00 | 29.00 | NOTE | |
| r-oldrel-macos-x86_64 | 0.1.0 | 5.00 | 37.00 | 42.00 | NOTE | |
| r-oldrel-windows-x86_64 | 0.1.0 | 10.00 | 75.00 | 85.00 | NOTE |
Version: 0.1.0
Check: CRAN incoming feasibility
Result: NOTE
Maintainer: ‘Nailong Zhang <setseed2016@gmail.com>’
No Authors@R field in DESCRIPTION.
Please add one, modifying
Authors@R: person(given = "Nailong",
family = "Zhang",
role = c("aut", "cre"),
email = "setseed2016@gmail.com")
as necessary.
Flavors: r-devel-linux-x86_64-debian-clang, r-devel-linux-x86_64-debian-gcc
Version: 0.1.0
Check: LazyData
Result: NOTE
'LazyData' is specified without a 'data' directory
Flavors: r-oldrel-macos-arm64, r-oldrel-macos-x86_64, r-oldrel-windows-x86_64
These binaries (installable software) and packages are in development.
They may not be fully stable and should be used with caution. We make no claims about them.