CRAN Package Check Results for Package dblr

Last updated on 2025-02-16 10:50:44 CET.

Flavor Version Tinstall Tcheck Ttotal Status Flags
r-devel-linux-x86_64-debian-clang 0.1.0 5.88 56.46 62.34 OK
r-devel-linux-x86_64-debian-gcc 0.1.0 4.89 40.25 45.14 OK
r-devel-linux-x86_64-fedora-clang 0.1.0 103.52 OK
r-devel-linux-x86_64-fedora-gcc 0.1.0 90.91 OK
r-devel-macos-arm64 0.1.0 28.00 OK
r-devel-macos-x86_64 0.1.0 55.00 OK
r-devel-windows-x86_64 0.1.0 7.00 66.00 73.00 OK
r-patched-linux-x86_64 0.1.0 6.44 54.11 60.55 NOTE
r-release-linux-x86_64 0.1.0 5.96 52.04 58.00 NOTE
r-release-macos-arm64 0.1.0 29.00 NOTE
r-release-macos-x86_64 0.1.0 42.00 NOTE
r-release-windows-x86_64 0.1.0 7.00 72.00 79.00 NOTE
r-oldrel-macos-arm64 0.1.0 31.00 NOTE
r-oldrel-macos-x86_64 0.1.0 50.00 NOTE
r-oldrel-windows-x86_64 0.1.0 6.00 102.00 108.00 NOTE

Check Details

Version: 0.1.0
Check: LazyData
Result: NOTE 'LazyData' is specified without a 'data' directory Flavors: r-patched-linux-x86_64, r-release-linux-x86_64, r-release-macos-arm64, r-release-macos-x86_64, r-release-windows-x86_64, r-oldrel-macos-arm64, r-oldrel-macos-x86_64, r-oldrel-windows-x86_64

These binaries (installable software) and packages are in development.
They may not be fully stable and should be used with caution. We make no claims about them.