Last updated on 2024-07-27 15:50:15 CEST.
Flavor | Version | Tinstall | Tcheck | Ttotal | Status | Flags |
---|---|---|---|---|---|---|
r-devel-linux-x86_64-debian-clang | 2.9-0 | 28.40 | 192.32 | 220.72 | OK | |
r-devel-linux-x86_64-debian-gcc | 2.9-0 | NOTE | ||||
r-devel-linux-x86_64-fedora-clang | 2.9-0 | 290.20 | OK | |||
r-devel-linux-x86_64-fedora-gcc | 2.9-0 | 287.40 | OK | |||
r-devel-windows-x86_64 | 2.9-0 | 31.00 | 173.00 | 204.00 | NOTE | |
r-patched-linux-x86_64 | 2.9-0 | OK | ||||
r-release-linux-x86_64 | 2.9-0 | 25.14 | 179.40 | 204.54 | OK | |
r-release-macos-arm64 | 2.9-0 | 80.00 | OK | |||
r-release-macos-x86_64 | 2.9-0 | 121.00 | OK | |||
r-release-windows-x86_64 | 2.9-0 | 33.00 | 174.00 | 207.00 | OK | |
r-oldrel-macos-arm64 | 2.9-0 | 99.00 | OK | |||
r-oldrel-macos-x86_64 | 2.9-0 | 160.00 | OK | |||
r-oldrel-windows-x86_64 | 2.9-0 | 37.00 | 214.00 | 251.00 | OK |
Version: 2.9-0
Check: Rd cross-references
Result: NOTE
Found the following Rd file(s) with Rd \link{} targets missing package
anchors:
DEnvelope.Rd: envelope
Dhat.Rd: fv.object, plot.fv, Kest, Kcross
FillEnvelope.Rd: fv.object, envelope
GlobalEnvelope.Rd: fv.object
GoFtest.Rd: envelope
KEnvelope.Rd: envelope
KdEnvelope.Rd: envelope
Kdhat.Rd: fv.object, plot.fv
Khat.Rd: fv.object, plot.fv, Kest, Kcross
KinhomEnvelope.Rd: density.ppp, envelope
Kinhomhat.Rd: density.ppp, bw.diggle, fv.object, plot.fv, Kinhom
KmmEnvelope.Rd: envelope
Kmmhat.Rd: fv.object, plot.fv, markcorrint
Ktest.Rd: ppp.object, is.rectangle
LEnvelope.Rd: envelope
Lhat.Rd: fv.object, plot.fv
LmmEnvelope.Rd: envelope
Lmmhat.Rd: fv.object, plot.fv
MEnvelope.Rd: envelope
Mhat.Rd: fv.object, plot.fv
Smooth.wmppp.Rd: fv.object, Smooth.ppp, bw.scott
as.Dtable.Rd: ppp
as.wmppp.Rd: owin.object, ppp, ppp.object
autoplot.Rd: ggplot
dbmssEnvelope.Rd: envelope
envelope.Dtable.Rd: envelope
gEnvelope.Rd: envelope
generic.spatstat.Rd: ppp.object, rthin, sharpen.ppp, split.ppp,
superimpose.ppp, unique.ppp
ghat.Rd: sewpcf, fv.object, plot.fv
m_Envelope.Rd: envelope
m_hat.Rd: fv.object, plot.fv
paracou16.Rd: ppp.object
print.dbmssEnvelope.Rd: envelope
rPopulationIndependenceK.Rd: rshift
rRandomPositionK.Rd: runifpoint, rpoispp
summary.dbmssEnvelope.Rd: envelope
wmppp.Rd: owin.object
wmppp.object.Rd: ppp, ppp.object
Please provide package anchors for all Rd \link{} targets not in the
package itself and the base packages.
Flavors: r-devel-linux-x86_64-debian-gcc, r-devel-windows-x86_64
These binaries (installable software) and packages are in development.
They may not be fully stable and should be used with caution. We make no claims about them.