Last updated on 2025-05-21 21:49:14 CEST.
Flavor | Version | Tinstall | Tcheck | Ttotal | Status | Flags |
---|---|---|---|---|---|---|
r-devel-linux-x86_64-debian-clang | 1.2.2 | 102.25 | 102.85 | 205.10 | OK | |
r-devel-linux-x86_64-debian-gcc | 1.2.2 | 77.89 | 73.59 | 151.48 | OK | |
r-devel-linux-x86_64-fedora-clang | 1.2.2 | 391.58 | OK | |||
r-devel-linux-x86_64-fedora-gcc | 1.2.2 | 413.96 | OK | |||
r-devel-windows-x86_64 | 1.2.2 | 134.00 | 181.00 | 315.00 | OK | |
r-patched-linux-x86_64 | 1.2.2 | 98.98 | 96.62 | 195.60 | OK | |
r-release-linux-x86_64 | 1.2.2 | 105.23 | 97.24 | 202.47 | OK | |
r-release-macos-arm64 | 1.2.2 | 97.00 | OK | |||
r-release-macos-x86_64 | 1.2.2 | 146.00 | OK | |||
r-release-windows-x86_64 | 1.2.2 | 136.00 | 189.00 | 325.00 | OK | |
r-oldrel-macos-arm64 | 1.2.2 | 97.00 | NOTE | |||
r-oldrel-macos-x86_64 | 1.2.2 | 163.00 | NOTE | |||
r-oldrel-windows-x86_64 | 1.2.2 | 133.00 | 181.00 | 314.00 | NOTE |
Version: 1.2.2
Check: installed package size
Result: NOTE
installed size is 11.0Mb
sub-directories of 1Mb or more:
doc 3.0Mb
libs 7.3Mb
Flavors: r-oldrel-macos-arm64, r-oldrel-macos-x86_64, r-oldrel-windows-x86_64
These binaries (installable software) and packages are in development.
They may not be fully stable and should be used with caution. We make no claims about them.