Last updated on 2025-10-23 07:49:42 CEST.
Flavor | Version | Tinstall | Tcheck | Ttotal | Status | Flags |
---|---|---|---|---|---|---|
r-devel-linux-x86_64-debian-clang | 1.2.3 | 106.74 | 107.86 | 214.60 | OK | |
r-devel-linux-x86_64-debian-gcc | 1.2.3 | 74.06 | 76.92 | 150.98 | OK | |
r-devel-linux-x86_64-fedora-clang | 1.2.3 | 310.00 | 85.78 | 395.78 | OK | |
r-devel-linux-x86_64-fedora-gcc | 1.2.3 | 186.00 | 189.37 | 375.37 | OK | |
r-devel-windows-x86_64 | 1.2.3 | 118.00 | 159.00 | 277.00 | OK | |
r-patched-linux-x86_64 | 1.2.3 | 103.07 | 101.98 | 205.05 | OK | |
r-release-linux-x86_64 | 1.2.3 | 101.01 | 101.61 | 202.62 | OK | |
r-release-macos-arm64 | 1.2.3 | 37.00 | 50.00 | 87.00 | OK | |
r-release-macos-x86_64 | 1.2.3 | 43.00 | 172.00 | 215.00 | OK | |
r-release-windows-x86_64 | 1.2.3 | 121.00 | 164.00 | 285.00 | OK | |
r-oldrel-macos-arm64 | 1.2.3 | 39.00 | 52.00 | 91.00 | NOTE | |
r-oldrel-macos-x86_64 | 1.2.3 | 28.00 | 162.00 | 190.00 | NOTE | |
r-oldrel-windows-x86_64 | 1.2.3 | 156.00 | 189.00 | 345.00 | NOTE |
Version: 1.2.3
Check: installed package size
Result: NOTE
installed size is 11.0Mb
sub-directories of 1Mb or more:
doc 3.0Mb
libs 7.3Mb
Flavors: r-oldrel-macos-arm64, r-oldrel-macos-x86_64, r-oldrel-windows-x86_64
These binaries (installable software) and packages are in development.
They may not be fully stable and should be used with caution. We make no claims about them.