Last updated on 2024-07-27 15:50:15 CEST.
Flavor | Version | Tinstall | Tcheck | Ttotal | Status | Flags |
---|---|---|---|---|---|---|
r-devel-linux-x86_64-debian-clang | 1.2-0 | 128.36 | 124.80 | 253.16 | OK | |
r-devel-linux-x86_64-debian-gcc | 1.2-0 | OK | ||||
r-devel-linux-x86_64-fedora-clang | 1.2-0 | 510.06 | OK | |||
r-devel-linux-x86_64-fedora-gcc | 1.2-0 | 399.81 | OK | |||
r-devel-windows-x86_64 | 1.2-0 | 109.00 | 159.00 | 268.00 | OK | |
r-patched-linux-x86_64 | 1.2-0 | OK | ||||
r-release-linux-x86_64 | 1.2-0 | 113.82 | 119.71 | 233.53 | OK | |
r-release-macos-arm64 | 1.2-0 | 115.00 | NOTE | |||
r-release-macos-x86_64 | 1.2-0 | 222.00 | NOTE | |||
r-release-windows-x86_64 | 1.2-0 | 145.00 | 155.00 | 300.00 | OK | |
r-oldrel-macos-arm64 | 1.2-0 | 123.00 | NOTE | |||
r-oldrel-macos-x86_64 | 1.2-0 | 234.00 | NOTE | |||
r-oldrel-windows-x86_64 | 1.2-0 | 113.00 | 173.00 | 286.00 | OK |
Version: 1.2-0
Check: installed package size
Result: NOTE
installed size is 9.7Mb
sub-directories of 1Mb or more:
doc 2.6Mb
libs 6.5Mb
Flavors: r-release-macos-arm64, r-release-macos-x86_64, r-oldrel-macos-arm64, r-oldrel-macos-x86_64
These binaries (installable software) and packages are in development.
They may not be fully stable and should be used with caution. We make no claims about them.