CRAN Package Check Results for Package dccpp

Last updated on 2025-05-08 04:52:02 CEST.

Flavor Version Tinstall Tcheck Ttotal Status Flags
r-devel-linux-x86_64-debian-clang 0.1.0 21.19 24.72 45.91 NOTE
r-devel-linux-x86_64-debian-gcc 0.1.0 14.81 19.82 34.63 NOTE
r-devel-linux-x86_64-fedora-clang 0.1.0 83.21 OK
r-devel-linux-x86_64-fedora-gcc 0.1.0 81.76 OK
r-devel-windows-x86_64 0.1.0 26.00 64.00 90.00 OK
r-patched-linux-x86_64 0.1.0 19.66 22.35 42.01 OK
r-release-linux-x86_64 0.1.0 19.91 22.23 42.14 OK
r-release-macos-arm64 0.1.0 26.00 OK
r-release-macos-x86_64 0.1.0 39.00 OK
r-release-windows-x86_64 0.1.0 26.00 64.00 90.00 OK
r-oldrel-macos-arm64 0.1.0 26.00 OK
r-oldrel-macos-x86_64 0.1.0 36.00 OK
r-oldrel-windows-x86_64 0.1.0 29.00 74.00 103.00 OK

Check Details

Version: 0.1.0
Check: CRAN incoming feasibility
Result: NOTE Maintainer: ‘Jonathan Berrisch <Jonathan@Berrisch.biz>’ The Description field contains distance correlation (see Chaudhuri, Hu (2019) <arXiv:1810.11332> Please refer to arXiv e-prints via their arXiv DOI <doi:10.48550/arXiv.YYMM.NNNNN>. Flavors: r-devel-linux-x86_64-debian-clang, r-devel-linux-x86_64-debian-gcc

These binaries (installable software) and packages are in development.
They may not be fully stable and should be used with caution. We make no claims about them.