Last updated on 2024-07-27 15:50:15 CEST.
Flavor | Version | Tinstall | Tcheck | Ttotal | Status | Flags |
---|---|---|---|---|---|---|
r-devel-linux-x86_64-debian-clang | 0.4-1 | 35.72 | 275.83 | 311.55 | OK | |
r-devel-linux-x86_64-debian-gcc | 0.4-1 | NOTE | ||||
r-devel-linux-x86_64-fedora-clang | 0.4-1 | 399.80 | OK | |||
r-devel-linux-x86_64-fedora-gcc | 0.4-1 | 374.49 | OK | |||
r-devel-windows-x86_64 | 0.4-1 | 24.00 | 207.00 | 231.00 | NOTE | |
r-patched-linux-x86_64 | 0.4-1 | OK | ||||
r-release-linux-x86_64 | 0.4-1 | 25.82 | 268.56 | 294.38 | OK | |
r-release-macos-arm64 | 0.4-1 | 93.00 | OK | |||
r-release-macos-x86_64 | 0.4-1 | 153.00 | OK | |||
r-release-windows-x86_64 | 0.4-1 | 25.00 | 207.00 | 232.00 | OK | |
r-oldrel-macos-arm64 | 0.4-1 | 80.00 | OK | |||
r-oldrel-macos-x86_64 | 0.4-1 | 199.00 | OK | |||
r-oldrel-windows-x86_64 | 0.4-1 | 32.00 | 246.00 | 278.00 | OK |
Version: 0.4-1
Check: Rd cross-references
Result: NOTE
Found the following Rd file(s) with Rd \link{} targets missing package
anchors:
dcFit-class.Rd: bugs.fit
gsFit-class.Rd: bugs.fit
Please provide package anchors for all Rd \link{} targets not in the
package itself and the base packages.
Flavors: r-devel-linux-x86_64-debian-gcc, r-devel-windows-x86_64
These binaries (installable software) and packages are in development.
They may not be fully stable and should be used with caution. We make no claims about them.