Last updated on 2025-10-23 23:49:26 CEST.
| Flavor | Version | Tinstall | Tcheck | Ttotal | Status | Flags |
|---|---|---|---|---|---|---|
| r-devel-linux-x86_64-debian-clang | 1.1 | 2.46 | 25.65 | 28.11 | OK | |
| r-devel-linux-x86_64-debian-gcc | 1.1 | 1.88 | 20.19 | 22.07 | NOTE | |
| r-devel-linux-x86_64-fedora-clang | 1.1 | 20.00 | 23.27 | 43.27 | OK | |
| r-devel-linux-x86_64-fedora-gcc | 1.1 | 40.23 | OK | |||
| r-devel-windows-x86_64 | 1.1 | 4.00 | 42.00 | 46.00 | OK | |
| r-patched-linux-x86_64 | 1.1 | 2.18 | 24.45 | 26.63 | OK | |
| r-release-linux-x86_64 | 1.1 | 2.10 | 24.43 | 26.53 | OK | |
| r-release-macos-arm64 | 1.1 | 2.00 | 17.00 | 19.00 | OK | |
| r-release-macos-x86_64 | 1.1 | 3.00 | 25.00 | 28.00 | OK | |
| r-release-windows-x86_64 | 1.1 | 3.00 | 44.00 | 47.00 | OK | |
| r-oldrel-macos-arm64 | 1.1 | 1.00 | 19.00 | 20.00 | OK | |
| r-oldrel-macos-x86_64 | 1.1 | 5.00 | 54.00 | 59.00 | OK | |
| r-oldrel-windows-x86_64 | 1.1 | 5.00 | 50.00 | 55.00 | OK |
Version: 1.1
Check: Rd files
Result: NOTE
checkRd: (-1) dcorVS-package.Rd:11-17: Only 3 columns allowed in this table (row 1 has 2)
checkRd: (-1) dcorVS-package.Rd:11-17: Only 3 columns allowed in this table (row 2 has 2)
checkRd: (-1) dcorVS-package.Rd:11-17: Only 3 columns allowed in this table (row 3 has 2)
checkRd: (-1) dcorVS-package.Rd:11-17: Only 3 columns allowed in this table (row 4 has 2)
checkRd: (-1) dcorVS-package.Rd:11-17: Only 3 columns allowed in this table (row 5 has 2)
Flavor: r-devel-linux-x86_64-debian-gcc
These binaries (installable software) and packages are in development.
They may not be fully stable and should be used with caution. We make no claims about them.