CRAN Package Check Results for Package dcov

Last updated on 2025-05-21 21:49:14 CEST.

Flavor Version Tinstall Tcheck Ttotal Status Flags
r-devel-linux-x86_64-debian-clang 0.1.1 90.97 23.52 114.49 NOTE
r-devel-linux-x86_64-debian-gcc 0.1.1 57.05 18.30 75.35 NOTE
r-devel-linux-x86_64-fedora-clang 0.1.1 233.01 OK
r-devel-linux-x86_64-fedora-gcc 0.1.1 219.35 OK
r-devel-windows-x86_64 0.1.1 100.00 74.00 174.00 OK
r-patched-linux-x86_64 0.1.1 87.29 22.81 110.10 OK
r-release-linux-x86_64 0.1.1 80.06 22.60 102.66 OK
r-release-macos-arm64 0.1.1 53.00 OK
r-release-macos-x86_64 0.1.1 65.00 OK
r-release-windows-x86_64 0.1.1 102.00 70.00 172.00 OK
r-oldrel-macos-arm64 0.1.1 44.00 NOTE
r-oldrel-macos-x86_64 0.1.1 48.00 NOTE
r-oldrel-windows-x86_64 0.1.1 117.00 73.00 190.00 NOTE

Check Details

Version: 0.1.1
Check: CRAN incoming feasibility
Result: NOTE Maintainer: ‘Hang Weiqiang <e0010758@u.nus.edu>’ No Authors@R field in DESCRIPTION. Please add one, modifying Authors@R: person(given = "Hang", family = "Weiqiang", role = c("aut", "cre"), email = "e0010758@u.nus.edu") as necessary. Flavors: r-devel-linux-x86_64-debian-clang, r-devel-linux-x86_64-debian-gcc

Version: 0.1.1
Check: LazyData
Result: NOTE 'LazyData' is specified without a 'data' directory Flavors: r-oldrel-macos-arm64, r-oldrel-macos-x86_64, r-oldrel-windows-x86_64

These binaries (installable software) and packages are in development.
They may not be fully stable and should be used with caution. We make no claims about them.