Last updated on 2025-05-08 04:52:02 CEST.
Flavor | Version | Tinstall | Tcheck | Ttotal | Status | Flags |
---|---|---|---|---|---|---|
r-devel-linux-x86_64-debian-clang | 0.9.2 | 36.20 | 24.11 | 60.31 | NOTE | |
r-devel-linux-x86_64-debian-gcc | 0.9.2 | 24.69 | 19.07 | 43.76 | NOTE | |
r-devel-linux-x86_64-fedora-clang | 0.9.2 | 114.39 | NOTE | |||
r-devel-linux-x86_64-fedora-gcc | 0.9.2 | 113.61 | NOTE | |||
r-devel-windows-x86_64 | 0.9.2 | 44.00 | 68.00 | 112.00 | NOTE | |
r-patched-linux-x86_64 | 0.9.2 | 35.49 | 22.75 | 58.24 | NOTE | |
r-release-linux-x86_64 | 0.9.2 | 34.96 | 22.81 | 57.77 | NOTE | |
r-release-macos-arm64 | 0.9.2 | 32.00 | NOTE | |||
r-release-macos-x86_64 | 0.9.2 | 41.00 | NOTE | |||
r-release-windows-x86_64 | 0.9.2 | 44.00 | 66.00 | 110.00 | NOTE | |
r-oldrel-macos-arm64 | 0.9.2 | 33.00 | NOTE | |||
r-oldrel-macos-x86_64 | 0.9.2 | 34.00 | NOTE | |||
r-oldrel-windows-x86_64 | 0.9.2 | 48.00 | 76.00 | 124.00 | NOTE |
Version: 0.9.2
Check: CRAN incoming feasibility
Result: NOTE
Maintainer: ‘Oğuzhan Öğreden <oguzhan@oguzhanogreden.com>’
No Authors@R field in DESCRIPTION.
Please add one, modifying
Authors@R: person(given = "Oğuzhan",
family = "Öğreden",
role = c("aut", "cre"),
email = "oguzhan@oguzhanogreden.com")
as necessary.
Flavors: r-devel-linux-x86_64-debian-clang, r-devel-linux-x86_64-debian-gcc
Version: 0.9.2
Check: C++ specification
Result: NOTE
Specified C++11: please drop specification unless essential
Flavors: r-devel-linux-x86_64-debian-clang, r-devel-linux-x86_64-debian-gcc, r-devel-linux-x86_64-fedora-clang, r-devel-linux-x86_64-fedora-gcc, r-devel-windows-x86_64, r-patched-linux-x86_64, r-release-linux-x86_64, r-release-macos-arm64, r-release-macos-x86_64, r-release-windows-x86_64, r-oldrel-macos-arm64, r-oldrel-macos-x86_64, r-oldrel-windows-x86_64
These binaries (installable software) and packages are in development.
They may not be fully stable and should be used with caution. We make no claims about them.