Last updated on 2025-10-23 11:50:11 CEST.
Flavor | Version | Tinstall | Tcheck | Ttotal | Status | Flags |
---|---|---|---|---|---|---|
r-devel-linux-x86_64-debian-clang | 0.5.0 | 11.02 | 158.64 | 169.66 | NOTE | |
r-devel-linux-x86_64-debian-gcc | 0.5.0 | 7.69 | 108.87 | 116.56 | NOTE | |
r-devel-linux-x86_64-fedora-clang | 0.5.0 | 51.00 | 217.63 | 268.63 | NOTE | |
r-devel-linux-x86_64-fedora-gcc | 0.5.0 | 50.00 | 225.50 | 275.50 | NOTE | |
r-devel-windows-x86_64 | 0.5.0 | 12.00 | 139.00 | 151.00 | OK | |
r-patched-linux-x86_64 | 0.5.0 | 10.84 | 147.44 | 158.28 | OK | |
r-release-linux-x86_64 | 0.5.0 | 9.02 | 146.64 | 155.66 | OK | |
r-release-macos-arm64 | 0.5.0 | 4.00 | 61.00 | 65.00 | OK | |
r-release-macos-x86_64 | 0.5.0 | 9.00 | 125.00 | 134.00 | OK | |
r-release-windows-x86_64 | 0.5.0 | 11.00 | 135.00 | 146.00 | OK | |
r-oldrel-macos-arm64 | 0.5.0 | 4.00 | 61.00 | 65.00 | OK | |
r-oldrel-macos-x86_64 | 0.5.0 | 13.00 | 179.00 | 192.00 | OK | |
r-oldrel-windows-x86_64 | 0.5.0 | 15.00 | 185.00 | 200.00 | OK |
Version: 0.5.0
Check: HTML version of manual
Result: NOTE
Found the following HTML validation problems:
test_consequences.html:88:1 (test_consequences.Rd:45): Warning: <h3> anchor "statistics" already defined
Flavor: r-devel-linux-x86_64-debian-clang
Version: 0.5.0
Check: Rd files
Result: NOTE
checkRd: (-1) test_consequences.Rd:50: height/width attributes should be in pixels
Flavors: r-devel-linux-x86_64-debian-gcc, r-devel-linux-x86_64-fedora-clang, r-devel-linux-x86_64-fedora-gcc
These binaries (installable software) and packages are in development.
They may not be fully stable and should be used with caution. We make no claims about them.