Last updated on 2025-05-01 08:52:30 CEST.
Flavor | Version | Tinstall | Tcheck | Ttotal | Status | Flags |
---|---|---|---|---|---|---|
r-devel-linux-x86_64-debian-clang | 0.1.0 | 5.28 | 117.40 | 122.68 | NOTE | |
r-devel-linux-x86_64-debian-gcc | 0.1.0 | 3.57 | 81.93 | 85.50 | OK | |
r-devel-linux-x86_64-fedora-clang | 0.1.0 | 199.71 | OK | |||
r-devel-linux-x86_64-fedora-gcc | 0.1.0 | 207.80 | OK | |||
r-devel-windows-x86_64 | 0.1.0 | 6.00 | 172.00 | 178.00 | OK | |
r-patched-linux-x86_64 | 0.1.0 | 4.84 | 117.56 | 122.40 | OK | |
r-release-linux-x86_64 | OK | |||||
r-release-macos-arm64 | 0.1.0 | 76.00 | OK | |||
r-release-macos-x86_64 | 0.1.0 | 158.00 | OK | |||
r-release-windows-x86_64 | 0.1.0 | 7.00 | 170.00 | 177.00 | OK | |
r-oldrel-macos-arm64 | 0.1.0 | 69.00 | OK | |||
r-oldrel-macos-x86_64 | 0.1.0 | 149.00 | OK | |||
r-oldrel-windows-x86_64 | 0.1.0 | 6.00 | 224.00 | 230.00 | OK |
Version: 0.1.0
Check: examples
Result: NOTE
Examples with CPU (user + system) or elapsed time > 5s
user system elapsed
cdda.indep 2.061 0.272 8.151
Flavor: r-devel-linux-x86_64-debian-clang
Version: 0.1.0
Check: examples
Result: NA
user system elapsed
cdda.indep 1.51 0.176 5.729
OK
Flavor: r-devel-linux-x86_64-debian-gcc
These binaries (installable software) and packages are in development.
They may not be fully stable and should be used with caution. We make no claims about them.