CRAN Package Check Results for Package ddalpha

Last updated on 2025-11-12 19:51:45 CET.

Flavor Version Tinstall Tcheck Ttotal Status Flags
r-devel-linux-x86_64-debian-clang 1.3.16 101.71 115.06 216.77 NOTE
r-devel-linux-x86_64-debian-gcc 1.3.16 63.99 82.83 146.82 NOTE
r-devel-linux-x86_64-fedora-clang 1.3.16 216.00 178.47 394.47 NOTE
r-devel-linux-x86_64-fedora-gcc 1.3.16 195.00 154.53 349.53 NOTE
r-devel-windows-x86_64 1.3.16 130.00 163.00 293.00 NOTE
r-patched-linux-x86_64 1.3.16 102.54 111.94 214.48 OK
r-release-linux-x86_64 1.3.16 95.92 109.95 205.87 OK
r-release-macos-arm64 1.3.16 50.00 64.00 114.00 OK
r-release-macos-x86_64 1.3.16 45.00 98.00 143.00 OK
r-release-windows-x86_64 1.3.16 131.00 163.00 294.00 OK
r-oldrel-macos-arm64 1.3.16 33.00 50.00 83.00 OK
r-oldrel-macos-x86_64 1.3.16 52.00 93.00 145.00 OK
r-oldrel-windows-x86_64 1.3.16 114.00 194.00 308.00 OK

Check Details

Version: 1.3.16
Check: Rd files
Result: NOTE checkRd: (-1) CustomMethods.Rd:27-35: Only 2 columns allowed in this table (row 1 has 1) checkRd: (-1) CustomMethods.Rd:27-35: Only 2 columns allowed in this table (row 5 has 1) checkRd: (-1) CustomMethods.Rd:41-52: Only 2 columns allowed in this table (row 1 has 1) checkRd: (-1) CustomMethods.Rd:41-52: Only 2 columns allowed in this table (row 3 has 1) checkRd: (-1) CustomMethods.Rd:41-52: Only 2 columns allowed in this table (row 7 has 1) checkRd: (-1) CustomMethods.Rd:58-64: Only 2 columns allowed in this table (row 1 has 1) checkRd: (-1) CustomMethods.Rd:58-64: Only 2 columns allowed in this table (row 4 has 1) checkRd: (-1) CustomMethods.Rd:58-64: Only 2 columns allowed in this table (row 5 has 1) checkRd: (-1) CustomMethods.Rd:125-134: Only 2 columns allowed in this table (row 1 has 1) checkRd: (-1) CustomMethods.Rd:125-134: Only 2 columns allowed in this table (row 5 has 1) checkRd: (-1) CustomMethods.Rd:138-149: Only 2 columns allowed in this table (row 1 has 1) checkRd: (-1) CustomMethods.Rd:138-149: Only 2 columns allowed in this table (row 7 has 1) checkRd: (-1) CustomMethods.Rd:138-149: Only 2 columns allowed in this table (row 9 has 1) checkRd: (-1) CustomMethods.Rd:138-149: Only 2 columns allowed in this table (row 11 has 1) checkRd: (-1) CustomMethods.Rd:153-162: Only 2 columns allowed in this table (row 1 has 1) checkRd: (-1) CustomMethods.Rd:153-162: Only 2 columns allowed in this table (row 5 has 1) checkRd: (-1) CustomMethods.Rd:153-162: Only 2 columns allowed in this table (row 6 has 1) Flavors: r-devel-linux-x86_64-debian-clang, r-devel-linux-x86_64-debian-gcc, r-devel-linux-x86_64-fedora-clang, r-devel-linux-x86_64-fedora-gcc, r-devel-windows-x86_64

These binaries (installable software) and packages are in development.
They may not be fully stable and should be used with caution. We make no claims about them.