Last updated on 2024-07-27 15:50:15 CEST.
Flavor | Version | Tinstall | Tcheck | Ttotal | Status | Flags |
---|---|---|---|---|---|---|
r-devel-linux-x86_64-debian-clang | 1.3.15 | 131.13 | 140.82 | 271.95 | OK | |
r-devel-linux-x86_64-debian-gcc | 1.3.15 | NOTE | ||||
r-devel-linux-x86_64-fedora-clang | 1.3.15 | 513.90 | NOTE | |||
r-devel-linux-x86_64-fedora-gcc | 1.3.15 | 387.88 | OK | |||
r-devel-windows-x86_64 | 1.3.15 | 125.00 | 157.00 | 282.00 | NOTE | |
r-patched-linux-x86_64 | 1.3.15 | OK | ||||
r-release-linux-x86_64 | 1.3.15 | 117.87 | 132.16 | 250.03 | OK | |
r-release-macos-arm64 | 1.3.15 | 90.00 | OK | |||
r-release-macos-x86_64 | 1.3.15 | 109.00 | OK | |||
r-release-windows-x86_64 | 1.3.15 | 162.00 | 159.00 | 321.00 | OK | |
r-oldrel-macos-arm64 | 1.3.15 | 103.00 | OK | |||
r-oldrel-macos-x86_64 | 1.3.15 | 177.00 | OK | |||
r-oldrel-windows-x86_64 | 1.3.15 | 144.00 | 185.00 | 329.00 | OK |
Version: 1.3.15
Check: Rd cross-references
Result: NOTE
Found the following Rd file(s) with Rd \link{} targets missing package
anchors:
ddalpha.train.Rd: covMcd, lda, knn, knn.cv
depth.L2.Rd: covMcd
depth.Mahalanobis.Rd: covMcd
depth.betaSkeleton.Rd: covMcd
depth.potential.Rd: covMcd
depth.simplicialVolume.Rd: covMcd
depth.space.Mahalanobis.Rd: covMcd
depth.space.potential.Rd: covMcd
depth.space.simplicialVolume.Rd: covMcd
depth.space.spatial.Rd: covMcd
depth.spatial.Rd: covMcd
Please provide package anchors for all Rd \link{} targets not in the
package itself and the base packages.
Flavors: r-devel-linux-x86_64-debian-gcc, r-devel-windows-x86_64
Version: 1.3.15
Check: Rd cross-references
Result: NOTE
Undeclared package ‘fda.usc’ in Rd xrefs
Flavor: r-devel-linux-x86_64-fedora-clang
These binaries (installable software) and packages are in development.
They may not be fully stable and should be used with caution. We make no claims about them.